{"id":927,"date":"2021-02-16T05:16:40","date_gmt":"2021-02-16T04:16:40","guid":{"rendered":"https:\/\/www.association-auburtin.fr\/?page_id=927"},"modified":"2021-05-14T20:49:04","modified_gmt":"2021-05-14T18:49:04","slug":"sa-vie-1","status":"publish","type":"page","link":"https:\/\/www.association-auburtin.fr\/index.php\/accueil\/sa-vie\/sa-vie-1\/","title":{"rendered":"Sa vie 1"},"content":{"rendered":"\n<p><\/p>\n\n\n\n<p class=\"has-text-align-center\" style=\"font-size:clamp(16.293px, 1.018rem + ((1vw - 3.2px) * 0.68), 25px);px\">                      Jean Francis AUBURTIN ( 1866 &#8211; 1930 )<\/p>\n\n\n\n<p>N\u00e9 le 2 d\u00e9cembre 1866 \u00e0 Paris Bd Magenta<\/p>\n\n\n\n<p style=\"font-size:clamp(14px, 0.875rem + ((1vw - 3.2px) * 0.313), 18px);px\">Son p\u00e8re Emile Auburtin, originaire de Metz, arrive \u00e0 Paris en 1857 pour suivre des \u00e9tudes d&rsquo;architecture. Sa m\u00e8re Louise Jeanne Marion est la fille d&rsquo;un banquier.<\/p>\n\n\n\n<div class=\"wp-block-columns is-layout-flex wp-container-core-columns-is-layout-1 wp-block-columns-is-layout-flex\">\n<div class=\"wp-block-column is-vertically-aligned-top is-layout-flow wp-block-column-is-layout-flow\" style=\"flex-basis:4%\">\n<div class=\"wp-block-buttons is-content-justification-center is-layout-flex wp-block-buttons-is-layout-flex\">\n<div class=\"wp-block-button\"><a class=\"wp-block-button__link\" href=\"https:\/\/www.association-auburtin.fr\/index.php\/accueil\/sa-vie\/\">&lt;<\/a><\/div>\n<\/div>\n<\/div>\n\n\n\n<div class=\"wp-block-column is-layout-flow wp-block-column-is-layout-flow\" style=\"flex-basis:92%\">\n<div class=\"wp-block-media-text alignwide is-stacked-on-mobile is-vertically-aligned-top\" style=\"grid-template-columns:30% auto\"><figure class=\"wp-block-media-text__media\"><img loading=\"lazy\" decoding=\"async\" width=\"461\" height=\"570\" src=\"https:\/\/www.association-auburtin.fr\/wp-content\/uploads\/2021\/02\/JF-AUBURTIN-photo-e1618840035525.jpg\" alt=\"\" class=\"wp-image-640 size-full\" srcset=\"https:\/\/www.association-auburtin.fr\/wp-content\/uploads\/2021\/02\/JF-AUBURTIN-photo-e1618840035525.jpg 461w, https:\/\/www.association-auburtin.fr\/wp-content\/uploads\/2021\/02\/JF-AUBURTIN-photo-e1618840035525-243x300.jpg 243w\" sizes=\"(max-width: 461px) 100vw, 461px\" \/><\/figure><div class=\"wp-block-media-text__content\">\n<p style=\"font-size:clamp(14px, 0.875rem + ((1vw - 3.2px) * 0.313), 18px);px\">Jean Francis grandit dans un milieu bourgeois ais\u00e9. Il est l&rsquo;a\u00een\u00e9 d&rsquo;une fratrie de 4 enfants. Apr\u00e8s lui naissent, Madeleine qui \u00e9pousera le sculpteur Georges Gardet, Marcel qui deviendra architecte comme son p\u00e8re et Jean qui sera m\u00e9decin. <\/p>\n\n\n\n<p style=\"font-size:clamp(14px, 0.875rem + ((1vw - 3.2px) * 0.313), 18px);px\">Il entre \u00e0 l&rsquo;\u00e9cole Alsacienne de Paris en 1875. Emile Auburtin devient actionnaire et administrateur de l&rsquo;\u00e9cole. Jules Ferry rend visite \u00e0 l&rsquo;\u00e9cole Alsacienne et fait voter des lois \u00e9tablissant d\u00e9finitivement la la\u00efcit\u00e9 de l&rsquo;enseignement public fran\u00e7ais. <\/p>\n\n\n\n<p>Il en sort en 1884 et y a c\u00f4toy\u00e9 Andr\u00e9 Gide, Pierre Lou\u00ffs, \u00e9crivain et po\u00e8te de l\u2019\u00e9cole symboliste.<\/p>\n<\/div><\/div>\n<\/div>\n\n\n\n<div class=\"wp-block-column is-vertically-aligned-top is-layout-flow wp-block-column-is-layout-flow\" style=\"flex-basis:4%\">\n<div class=\"wp-block-buttons is-content-justification-center is-layout-flex wp-block-buttons-is-layout-flex\">\n<div class=\"wp-block-button\"><a class=\"wp-block-button__link\" href=\"https:\/\/www.association-auburtin.fr\/index.php\/accueil\/sa-vie\/sa-vie-2\/\">&gt;<\/a><\/div>\n<\/div>\n<\/div>\n<\/div>\n","protected":false},"excerpt":{"rendered":"<p>Jean Francis AUBURTIN ( 1866 &#8211; 1930 ) N\u00e9 le 2 d\u00e9cembre 1866 \u00e0 Paris Bd Magenta Son p\u00e8re Emile Auburtin, originaire de Metz, arrive \u00e0 Paris en 1857 pour suivre des \u00e9tudes d&rsquo;architecture. Sa m\u00e8re Louise Jeanne Marion est la fille d&rsquo;un banquier. Jean Francis grandit dans un milieu bourgeois ais\u00e9. Il est l&rsquo;a\u00een\u00e9 [&hellip;]<\/p>\n","protected":false},"author":1,"featured_media":0,"parent":18,"menu_order":1,"comment_status":"closed","ping_status":"closed","template":"","meta":{"footnotes":""},"class_list":["post-927","page","type-page","status-publish","hentry"],"blocksy_meta":{"styles_descriptor":{"styles":{"desktop":"","tablet":"","mobile":""},"google_fonts":[],"version":6}},"yoast_head":"<!-- This site is optimized with the Yoast SEO plugin v23.6 - https:\/\/yoast.com\/wordpress\/plugins\/seo\/ -->\n<title>Sa vie 1 - Association Auburtin<\/title>\n<meta name=\"robots\" content=\"index, follow, max-snippet:-1, max-image-preview:large, max-video-preview:-1\" \/>\n<link rel=\"canonical\" href=\"https:\/\/www.association-auburtin.fr\/index.php\/accueil\/sa-vie\/sa-vie-1\/\" \/>\n<meta property=\"og:locale\" content=\"fr_FR\" \/>\n<meta property=\"og:type\" content=\"article\" \/>\n<meta property=\"og:title\" content=\"Sa vie 1 - Association Auburtin\" \/>\n<meta property=\"og:description\" content=\"Jean Francis AUBURTIN ( 1866 &#8211; 1930 ) N\u00e9 le 2 d\u00e9cembre 1866 \u00e0 Paris Bd Magenta Son p\u00e8re Emile Auburtin, originaire de Metz, arrive \u00e0 Paris en 1857 pour suivre des \u00e9tudes d&rsquo;architecture. Sa m\u00e8re Louise Jeanne Marion est la fille d&rsquo;un banquier. Jean Francis grandit dans un milieu bourgeois ais\u00e9. Il est l&rsquo;a\u00een\u00e9 [&hellip;]\" \/>\n<meta property=\"og:url\" content=\"https:\/\/www.association-auburtin.fr\/index.php\/accueil\/sa-vie\/sa-vie-1\/\" \/>\n<meta property=\"og:site_name\" content=\"Association Auburtin\" \/>\n<meta property=\"article:modified_time\" content=\"2021-05-14T18:49:04+00:00\" \/>\n<meta property=\"og:image\" content=\"https:\/\/www.association-auburtin.fr\/wp-content\/uploads\/2021\/02\/JF-AUBURTIN-photo-e1618840035525.jpg\" \/>\n<meta name=\"twitter:card\" content=\"summary_large_image\" \/>\n<meta name=\"twitter:label1\" content=\"Dur\u00e9e de lecture estim\u00e9e\" \/>\n\t<meta name=\"twitter:data1\" content=\"1 minute\" \/>\n<script type=\"application\/ld+json\" class=\"yoast-schema-graph\">{\"@context\":\"https:\/\/schema.org\",\"@graph\":[{\"@type\":\"WebPage\",\"@id\":\"https:\/\/www.association-auburtin.fr\/index.php\/accueil\/sa-vie\/sa-vie-1\/\",\"url\":\"https:\/\/www.association-auburtin.fr\/index.php\/accueil\/sa-vie\/sa-vie-1\/\",\"name\":\"Sa vie 1 - Association Auburtin\",\"isPartOf\":{\"@id\":\"https:\/\/www.association-auburtin.fr\/#website\"},\"primaryImageOfPage\":{\"@id\":\"https:\/\/www.association-auburtin.fr\/index.php\/accueil\/sa-vie\/sa-vie-1\/#primaryimage\"},\"image\":{\"@id\":\"https:\/\/www.association-auburtin.fr\/index.php\/accueil\/sa-vie\/sa-vie-1\/#primaryimage\"},\"thumbnailUrl\":\"https:\/\/www.association-auburtin.fr\/wp-content\/uploads\/2021\/02\/JF-AUBURTIN-photo-e1618840035525.jpg\",\"datePublished\":\"2021-02-16T04:16:40+00:00\",\"dateModified\":\"2021-05-14T18:49:04+00:00\",\"breadcrumb\":{\"@id\":\"https:\/\/www.association-auburtin.fr\/index.php\/accueil\/sa-vie\/sa-vie-1\/#breadcrumb\"},\"inLanguage\":\"fr-FR\",\"potentialAction\":[{\"@type\":\"ReadAction\",\"target\":[\"https:\/\/www.association-auburtin.fr\/index.php\/accueil\/sa-vie\/sa-vie-1\/\"]}]},{\"@type\":\"ImageObject\",\"inLanguage\":\"fr-FR\",\"@id\":\"https:\/\/www.association-auburtin.fr\/index.php\/accueil\/sa-vie\/sa-vie-1\/#primaryimage\",\"url\":\"https:\/\/www.association-auburtin.fr\/wp-content\/uploads\/2021\/02\/JF-AUBURTIN-photo-e1618840035525.jpg\",\"contentUrl\":\"https:\/\/www.association-auburtin.fr\/wp-content\/uploads\/2021\/02\/JF-AUBURTIN-photo-e1618840035525.jpg\",\"width\":461,\"height\":570},{\"@type\":\"BreadcrumbList\",\"@id\":\"https:\/\/www.association-auburtin.fr\/index.php\/accueil\/sa-vie\/sa-vie-1\/#breadcrumb\",\"itemListElement\":[{\"@type\":\"ListItem\",\"position\":1,\"name\":\"Accueil\",\"item\":\"https:\/\/www.association-auburtin.fr\/\"},{\"@type\":\"ListItem\",\"position\":2,\"name\":\"Jean Francis Auburtin (artiste peintre 1866 &#8211; 1930)\",\"item\":\"https:\/\/www.association-auburtin.fr\/\"},{\"@type\":\"ListItem\",\"position\":3,\"name\":\"Sa vie\",\"item\":\"https:\/\/www.association-auburtin.fr\/index.php\/accueil\/sa-vie\/\"},{\"@type\":\"ListItem\",\"position\":4,\"name\":\"Sa vie 1\"}]},{\"@type\":\"WebSite\",\"@id\":\"https:\/\/www.association-auburtin.fr\/#website\",\"url\":\"https:\/\/www.association-auburtin.fr\/\",\"name\":\"Association Auburtin\",\"description\":\"Les Amis et les Descendants de Jean Francis AUBURTIN\",\"publisher\":{\"@id\":\"https:\/\/www.association-auburtin.fr\/#organization\"},\"potentialAction\":[{\"@type\":\"SearchAction\",\"target\":{\"@type\":\"EntryPoint\",\"urlTemplate\":\"https:\/\/www.association-auburtin.fr\/?s={search_term_string}\"},\"query-input\":{\"@type\":\"PropertyValueSpecification\",\"valueRequired\":true,\"valueName\":\"search_term_string\"}}],\"inLanguage\":\"fr-FR\"},{\"@type\":\"Organization\",\"@id\":\"https:\/\/www.association-auburtin.fr\/#organization\",\"name\":\"Association Auburtin\",\"url\":\"https:\/\/www.association-auburtin.fr\/\",\"logo\":{\"@type\":\"ImageObject\",\"inLanguage\":\"fr-FR\",\"@id\":\"https:\/\/www.association-auburtin.fr\/#\/schema\/logo\/image\/\",\"url\":\"https:\/\/www.association-auburtin.fr\/wp-content\/uploads\/2021\/01\/logo-jfa-1.jpg\",\"contentUrl\":\"https:\/\/www.association-auburtin.fr\/wp-content\/uploads\/2021\/01\/logo-jfa-1.jpg\",\"width\":904,\"height\":855,\"caption\":\"Association Auburtin\"},\"image\":{\"@id\":\"https:\/\/www.association-auburtin.fr\/#\/schema\/logo\/image\/\"}}]}<\/script>\n<!-- \/ Yoast SEO plugin. -->","yoast_head_json":{"title":"Sa vie 1 - Association Auburtin","robots":{"index":"index","follow":"follow","max-snippet":"max-snippet:-1","max-image-preview":"max-image-preview:large","max-video-preview":"max-video-preview:-1"},"canonical":"https:\/\/www.association-auburtin.fr\/index.php\/accueil\/sa-vie\/sa-vie-1\/","og_locale":"fr_FR","og_type":"article","og_title":"Sa vie 1 - Association Auburtin","og_description":"Jean Francis AUBURTIN ( 1866 &#8211; 1930 ) N\u00e9 le 2 d\u00e9cembre 1866 \u00e0 Paris Bd Magenta Son p\u00e8re Emile Auburtin, originaire de Metz, arrive \u00e0 Paris en 1857 pour suivre des \u00e9tudes d&rsquo;architecture. Sa m\u00e8re Louise Jeanne Marion est la fille d&rsquo;un banquier. Jean Francis grandit dans un milieu bourgeois ais\u00e9. Il est l&rsquo;a\u00een\u00e9 [&hellip;]","og_url":"https:\/\/www.association-auburtin.fr\/index.php\/accueil\/sa-vie\/sa-vie-1\/","og_site_name":"Association Auburtin","article_modified_time":"2021-05-14T18:49:04+00:00","og_image":[{"url":"https:\/\/www.association-auburtin.fr\/wp-content\/uploads\/2021\/02\/JF-AUBURTIN-photo-e1618840035525.jpg"}],"twitter_card":"summary_large_image","twitter_misc":{"Dur\u00e9e de lecture estim\u00e9e":"1 minute"},"schema":{"@context":"https:\/\/schema.org","@graph":[{"@type":"WebPage","@id":"https:\/\/www.association-auburtin.fr\/index.php\/accueil\/sa-vie\/sa-vie-1\/","url":"https:\/\/www.association-auburtin.fr\/index.php\/accueil\/sa-vie\/sa-vie-1\/","name":"Sa vie 1 - Association Auburtin","isPartOf":{"@id":"https:\/\/www.association-auburtin.fr\/#website"},"primaryImageOfPage":{"@id":"https:\/\/www.association-auburtin.fr\/index.php\/accueil\/sa-vie\/sa-vie-1\/#primaryimage"},"image":{"@id":"https:\/\/www.association-auburtin.fr\/index.php\/accueil\/sa-vie\/sa-vie-1\/#primaryimage"},"thumbnailUrl":"https:\/\/www.association-auburtin.fr\/wp-content\/uploads\/2021\/02\/JF-AUBURTIN-photo-e1618840035525.jpg","datePublished":"2021-02-16T04:16:40+00:00","dateModified":"2021-05-14T18:49:04+00:00","breadcrumb":{"@id":"https:\/\/www.association-auburtin.fr\/index.php\/accueil\/sa-vie\/sa-vie-1\/#breadcrumb"},"inLanguage":"fr-FR","potentialAction":[{"@type":"ReadAction","target":["https:\/\/www.association-auburtin.fr\/index.php\/accueil\/sa-vie\/sa-vie-1\/"]}]},{"@type":"ImageObject","inLanguage":"fr-FR","@id":"https:\/\/www.association-auburtin.fr\/index.php\/accueil\/sa-vie\/sa-vie-1\/#primaryimage","url":"https:\/\/www.association-auburtin.fr\/wp-content\/uploads\/2021\/02\/JF-AUBURTIN-photo-e1618840035525.jpg","contentUrl":"https:\/\/www.association-auburtin.fr\/wp-content\/uploads\/2021\/02\/JF-AUBURTIN-photo-e1618840035525.jpg","width":461,"height":570},{"@type":"BreadcrumbList","@id":"https:\/\/www.association-auburtin.fr\/index.php\/accueil\/sa-vie\/sa-vie-1\/#breadcrumb","itemListElement":[{"@type":"ListItem","position":1,"name":"Accueil","item":"https:\/\/www.association-auburtin.fr\/"},{"@type":"ListItem","position":2,"name":"Jean Francis Auburtin (artiste peintre 1866 &#8211; 1930)","item":"https:\/\/www.association-auburtin.fr\/"},{"@type":"ListItem","position":3,"name":"Sa vie","item":"https:\/\/www.association-auburtin.fr\/index.php\/accueil\/sa-vie\/"},{"@type":"ListItem","position":4,"name":"Sa vie 1"}]},{"@type":"WebSite","@id":"https:\/\/www.association-auburtin.fr\/#website","url":"https:\/\/www.association-auburtin.fr\/","name":"Association Auburtin","description":"Les Amis et les Descendants de Jean Francis AUBURTIN","publisher":{"@id":"https:\/\/www.association-auburtin.fr\/#organization"},"potentialAction":[{"@type":"SearchAction","target":{"@type":"EntryPoint","urlTemplate":"https:\/\/www.association-auburtin.fr\/?s={search_term_string}"},"query-input":{"@type":"PropertyValueSpecification","valueRequired":true,"valueName":"search_term_string"}}],"inLanguage":"fr-FR"},{"@type":"Organization","@id":"https:\/\/www.association-auburtin.fr\/#organization","name":"Association Auburtin","url":"https:\/\/www.association-auburtin.fr\/","logo":{"@type":"ImageObject","inLanguage":"fr-FR","@id":"https:\/\/www.association-auburtin.fr\/#\/schema\/logo\/image\/","url":"https:\/\/www.association-auburtin.fr\/wp-content\/uploads\/2021\/01\/logo-jfa-1.jpg","contentUrl":"https:\/\/www.association-auburtin.fr\/wp-content\/uploads\/2021\/01\/logo-jfa-1.jpg","width":904,"height":855,"caption":"Association Auburtin"},"image":{"@id":"https:\/\/www.association-auburtin.fr\/#\/schema\/logo\/image\/"}}]}},"_links":{"self":[{"href":"https:\/\/www.association-auburtin.fr\/index.php\/wp-json\/wp\/v2\/pages\/927"}],"collection":[{"href":"https:\/\/www.association-auburtin.fr\/index.php\/wp-json\/wp\/v2\/pages"}],"about":[{"href":"https:\/\/www.association-auburtin.fr\/index.php\/wp-json\/wp\/v2\/types\/page"}],"author":[{"embeddable":true,"href":"https:\/\/www.association-auburtin.fr\/index.php\/wp-json\/wp\/v2\/users\/1"}],"replies":[{"embeddable":true,"href":"https:\/\/www.association-auburtin.fr\/index.php\/wp-json\/wp\/v2\/comments?post=927"}],"version-history":[{"count":37,"href":"https:\/\/www.association-auburtin.fr\/index.php\/wp-json\/wp\/v2\/pages\/927\/revisions"}],"predecessor-version":[{"id":2473,"href":"https:\/\/www.association-auburtin.fr\/index.php\/wp-json\/wp\/v2\/pages\/927\/revisions\/2473"}],"up":[{"embeddable":true,"href":"https:\/\/www.association-auburtin.fr\/index.php\/wp-json\/wp\/v2\/pages\/18"}],"wp:attachment":[{"href":"https:\/\/www.association-auburtin.fr\/index.php\/wp-json\/wp\/v2\/media?parent=927"}],"curies":[{"name":"wp","href":"https:\/\/api.w.org\/{rel}","templated":true}]}}