{"id":2669,"date":"2024-02-05T11:17:24","date_gmt":"2024-02-05T10:17:24","guid":{"rendered":"https:\/\/www.association-auburtin.fr\/?page_id=2669"},"modified":"2024-10-07T15:14:02","modified_gmt":"2024-10-07T13:14:02","slug":"bibliographie-3","status":"publish","type":"page","link":"https:\/\/www.association-auburtin.fr\/index.php\/accueil\/bibliographie\/bibliographie-3\/","title":{"rendered":"Bibliographie 3"},"content":{"rendered":"\n<div class=\"wp-block-columns is-layout-flex wp-container-core-columns-is-layout-1 wp-block-columns-is-layout-flex\">\n<div class=\"wp-block-column is-layout-flow wp-block-column-is-layout-flow\" style=\"flex-basis:4%\">\n<div class=\"wp-block-buttons is-horizontal is-content-justification-center is-layout-flex wp-container-core-buttons-is-layout-1 wp-block-buttons-is-layout-flex\">\n<div class=\"wp-block-button\"><a class=\"wp-block-button__link wp-element-button\" href=\"https:\/\/www.association-auburtin.fr\/index.php\/accueil\/bibliographie\/bibliographie-2\/\">&lt;<\/a><\/div>\n<\/div>\n<\/div>\n\n\n\n<div class=\"wp-block-column is-layout-flow wp-block-column-is-layout-flow\" style=\"flex-basis:92%\">\n<p>Expositions, galeries, catalogues<\/p>\n\n\n\n<ul class=\"wp-block-list\">\n<li>2021 Lod\u00e8ve : \u00ab Un Age d\u2019Or \u00bb, par JF.Auburtin, catalogue sous la direction d\u2019Ivonne Papin-Drastik, directrice du mus\u00e9e de Lod\u00e8ve. Exposition pr\u00e9sent\u00e9e de septembre 2021 \u00e0 mars 2022<\/li>\n\n\n\n<li>2022 Pontoise&nbsp;: \u00ab&nbsp;mer et falaises par JF.Auburtin&nbsp;\u00bb, livre sous la direction de Christophe Duvivier, directeur du mus\u00e9e Camille Pissarro. Exposition pr\u00e9sent\u00e9e d\u2019avril \u00e0 ao\u00fbt 2022<\/li>\n\n\n\n<li>2024 Louvre-Lens&nbsp;: \u00ab&nbsp;Mondes Souterrains&nbsp;\u00bb, catalogue sous la direction d\u2019Alexandre Estaquet-Legrand, conservateur du patrimoine, directeur du MUDO &#8211; mus\u00e9e de l\u2019Oise. Exposition collective pr\u00e9sent\u00e9e du 27 mars 2024 au 22 juillet 2024 (Chant sur l\u2019eau par JF.Auburtin, pr\u00eat du mus\u00e9e Le Petit Palais Paris)<\/li>\n\n\n\n<li>2024\u00a0Lausanne Suisse\u00a0: mus\u00e9e cantonal des Beaux-Arts \u00ab\u00a0Thalassa, Thalassa\u00a0! l\u2019imaginaire de la mer\u00a0\u00bb, catalogue sous la direction de Danielle Chaperon et Catherine Lepdor, conservatrice en chef, MCBA. Exposition collective du 10 octobre 2024 au 12 janvier 2025 (deux \u0153uvres de JF.Auburtin, collection priv\u00e9e)<\/li>\n<\/ul>\n<\/div>\n\n\n\n<div class=\"wp-block-column is-layout-flow wp-block-column-is-layout-flow\" style=\"flex-basis:4%\">\n<div class=\"wp-block-buttons is-horizontal is-content-justification-center is-layout-flex wp-container-core-buttons-is-layout-2 wp-block-buttons-is-layout-flex\">\n<div class=\"wp-block-button\"><a class=\"wp-block-button__link wp-element-button\" href=\"https:\/\/www.association-auburtin.fr\/index.php\/accueil\/bibliographie\/bibliographie-4\/\">&gt;<\/a><\/div>\n<\/div>\n<\/div>\n<\/div>\n","protected":false},"excerpt":{"rendered":"<p>Expositions, galeries, catalogues<\/p>\n","protected":false},"author":1,"featured_media":0,"parent":1050,"menu_order":3,"comment_status":"closed","ping_status":"closed","template":"","meta":{"footnotes":""},"class_list":["post-2669","page","type-page","status-publish","hentry"],"blocksy_meta":[],"yoast_head":"<!-- This site is optimized with the Yoast SEO plugin v23.6 - https:\/\/yoast.com\/wordpress\/plugins\/seo\/ -->\n<title>Bibliographie 3 - Association Auburtin<\/title>\n<meta name=\"robots\" content=\"index, follow, max-snippet:-1, max-image-preview:large, max-video-preview:-1\" \/>\n<link rel=\"canonical\" href=\"https:\/\/www.association-auburtin.fr\/index.php\/accueil\/bibliographie\/bibliographie-3\/\" \/>\n<meta property=\"og:locale\" content=\"fr_FR\" \/>\n<meta property=\"og:type\" content=\"article\" \/>\n<meta property=\"og:title\" content=\"Bibliographie 3 - Association Auburtin\" \/>\n<meta property=\"og:description\" content=\"Expositions, galeries, catalogues\" \/>\n<meta property=\"og:url\" content=\"https:\/\/www.association-auburtin.fr\/index.php\/accueil\/bibliographie\/bibliographie-3\/\" \/>\n<meta property=\"og:site_name\" content=\"Association Auburtin\" \/>\n<meta property=\"article:modified_time\" content=\"2024-10-07T13:14:02+00:00\" \/>\n<meta name=\"twitter:card\" content=\"summary_large_image\" \/>\n<meta name=\"twitter:label1\" content=\"Dur\u00e9e de lecture estim\u00e9e\" \/>\n\t<meta name=\"twitter:data1\" content=\"1 minute\" \/>\n<script type=\"application\/ld+json\" class=\"yoast-schema-graph\">{\"@context\":\"https:\/\/schema.org\",\"@graph\":[{\"@type\":\"WebPage\",\"@id\":\"https:\/\/www.association-auburtin.fr\/index.php\/accueil\/bibliographie\/bibliographie-3\/\",\"url\":\"https:\/\/www.association-auburtin.fr\/index.php\/accueil\/bibliographie\/bibliographie-3\/\",\"name\":\"Bibliographie 3 - Association Auburtin\",\"isPartOf\":{\"@id\":\"https:\/\/www.association-auburtin.fr\/#website\"},\"datePublished\":\"2024-02-05T10:17:24+00:00\",\"dateModified\":\"2024-10-07T13:14:02+00:00\",\"breadcrumb\":{\"@id\":\"https:\/\/www.association-auburtin.fr\/index.php\/accueil\/bibliographie\/bibliographie-3\/#breadcrumb\"},\"inLanguage\":\"fr-FR\",\"potentialAction\":[{\"@type\":\"ReadAction\",\"target\":[\"https:\/\/www.association-auburtin.fr\/index.php\/accueil\/bibliographie\/bibliographie-3\/\"]}]},{\"@type\":\"BreadcrumbList\",\"@id\":\"https:\/\/www.association-auburtin.fr\/index.php\/accueil\/bibliographie\/bibliographie-3\/#breadcrumb\",\"itemListElement\":[{\"@type\":\"ListItem\",\"position\":1,\"name\":\"Accueil\",\"item\":\"https:\/\/www.association-auburtin.fr\/\"},{\"@type\":\"ListItem\",\"position\":2,\"name\":\"Jean Francis Auburtin (artiste peintre 1866 &#8211; 1930)\",\"item\":\"https:\/\/www.association-auburtin.fr\/\"},{\"@type\":\"ListItem\",\"position\":3,\"name\":\"Bibliographie\",\"item\":\"https:\/\/www.association-auburtin.fr\/index.php\/accueil\/bibliographie\/\"},{\"@type\":\"ListItem\",\"position\":4,\"name\":\"Bibliographie 3\"}]},{\"@type\":\"WebSite\",\"@id\":\"https:\/\/www.association-auburtin.fr\/#website\",\"url\":\"https:\/\/www.association-auburtin.fr\/\",\"name\":\"Association Auburtin\",\"description\":\"Les Amis et les Descendants de Jean Francis AUBURTIN\",\"publisher\":{\"@id\":\"https:\/\/www.association-auburtin.fr\/#organization\"},\"potentialAction\":[{\"@type\":\"SearchAction\",\"target\":{\"@type\":\"EntryPoint\",\"urlTemplate\":\"https:\/\/www.association-auburtin.fr\/?s={search_term_string}\"},\"query-input\":{\"@type\":\"PropertyValueSpecification\",\"valueRequired\":true,\"valueName\":\"search_term_string\"}}],\"inLanguage\":\"fr-FR\"},{\"@type\":\"Organization\",\"@id\":\"https:\/\/www.association-auburtin.fr\/#organization\",\"name\":\"Association Auburtin\",\"url\":\"https:\/\/www.association-auburtin.fr\/\",\"logo\":{\"@type\":\"ImageObject\",\"inLanguage\":\"fr-FR\",\"@id\":\"https:\/\/www.association-auburtin.fr\/#\/schema\/logo\/image\/\",\"url\":\"https:\/\/www.association-auburtin.fr\/wp-content\/uploads\/2021\/01\/logo-jfa-1.jpg\",\"contentUrl\":\"https:\/\/www.association-auburtin.fr\/wp-content\/uploads\/2021\/01\/logo-jfa-1.jpg\",\"width\":904,\"height\":855,\"caption\":\"Association Auburtin\"},\"image\":{\"@id\":\"https:\/\/www.association-auburtin.fr\/#\/schema\/logo\/image\/\"}}]}<\/script>\n<!-- \/ Yoast SEO plugin. -->","yoast_head_json":{"title":"Bibliographie 3 - Association Auburtin","robots":{"index":"index","follow":"follow","max-snippet":"max-snippet:-1","max-image-preview":"max-image-preview:large","max-video-preview":"max-video-preview:-1"},"canonical":"https:\/\/www.association-auburtin.fr\/index.php\/accueil\/bibliographie\/bibliographie-3\/","og_locale":"fr_FR","og_type":"article","og_title":"Bibliographie 3 - Association Auburtin","og_description":"Expositions, galeries, catalogues","og_url":"https:\/\/www.association-auburtin.fr\/index.php\/accueil\/bibliographie\/bibliographie-3\/","og_site_name":"Association Auburtin","article_modified_time":"2024-10-07T13:14:02+00:00","twitter_card":"summary_large_image","twitter_misc":{"Dur\u00e9e de lecture estim\u00e9e":"1 minute"},"schema":{"@context":"https:\/\/schema.org","@graph":[{"@type":"WebPage","@id":"https:\/\/www.association-auburtin.fr\/index.php\/accueil\/bibliographie\/bibliographie-3\/","url":"https:\/\/www.association-auburtin.fr\/index.php\/accueil\/bibliographie\/bibliographie-3\/","name":"Bibliographie 3 - Association Auburtin","isPartOf":{"@id":"https:\/\/www.association-auburtin.fr\/#website"},"datePublished":"2024-02-05T10:17:24+00:00","dateModified":"2024-10-07T13:14:02+00:00","breadcrumb":{"@id":"https:\/\/www.association-auburtin.fr\/index.php\/accueil\/bibliographie\/bibliographie-3\/#breadcrumb"},"inLanguage":"fr-FR","potentialAction":[{"@type":"ReadAction","target":["https:\/\/www.association-auburtin.fr\/index.php\/accueil\/bibliographie\/bibliographie-3\/"]}]},{"@type":"BreadcrumbList","@id":"https:\/\/www.association-auburtin.fr\/index.php\/accueil\/bibliographie\/bibliographie-3\/#breadcrumb","itemListElement":[{"@type":"ListItem","position":1,"name":"Accueil","item":"https:\/\/www.association-auburtin.fr\/"},{"@type":"ListItem","position":2,"name":"Jean Francis Auburtin (artiste peintre 1866 &#8211; 1930)","item":"https:\/\/www.association-auburtin.fr\/"},{"@type":"ListItem","position":3,"name":"Bibliographie","item":"https:\/\/www.association-auburtin.fr\/index.php\/accueil\/bibliographie\/"},{"@type":"ListItem","position":4,"name":"Bibliographie 3"}]},{"@type":"WebSite","@id":"https:\/\/www.association-auburtin.fr\/#website","url":"https:\/\/www.association-auburtin.fr\/","name":"Association Auburtin","description":"Les Amis et les Descendants de Jean Francis AUBURTIN","publisher":{"@id":"https:\/\/www.association-auburtin.fr\/#organization"},"potentialAction":[{"@type":"SearchAction","target":{"@type":"EntryPoint","urlTemplate":"https:\/\/www.association-auburtin.fr\/?s={search_term_string}"},"query-input":{"@type":"PropertyValueSpecification","valueRequired":true,"valueName":"search_term_string"}}],"inLanguage":"fr-FR"},{"@type":"Organization","@id":"https:\/\/www.association-auburtin.fr\/#organization","name":"Association Auburtin","url":"https:\/\/www.association-auburtin.fr\/","logo":{"@type":"ImageObject","inLanguage":"fr-FR","@id":"https:\/\/www.association-auburtin.fr\/#\/schema\/logo\/image\/","url":"https:\/\/www.association-auburtin.fr\/wp-content\/uploads\/2021\/01\/logo-jfa-1.jpg","contentUrl":"https:\/\/www.association-auburtin.fr\/wp-content\/uploads\/2021\/01\/logo-jfa-1.jpg","width":904,"height":855,"caption":"Association Auburtin"},"image":{"@id":"https:\/\/www.association-auburtin.fr\/#\/schema\/logo\/image\/"}}]}},"_links":{"self":[{"href":"https:\/\/www.association-auburtin.fr\/index.php\/wp-json\/wp\/v2\/pages\/2669"}],"collection":[{"href":"https:\/\/www.association-auburtin.fr\/index.php\/wp-json\/wp\/v2\/pages"}],"about":[{"href":"https:\/\/www.association-auburtin.fr\/index.php\/wp-json\/wp\/v2\/types\/page"}],"author":[{"embeddable":true,"href":"https:\/\/www.association-auburtin.fr\/index.php\/wp-json\/wp\/v2\/users\/1"}],"replies":[{"embeddable":true,"href":"https:\/\/www.association-auburtin.fr\/index.php\/wp-json\/wp\/v2\/comments?post=2669"}],"version-history":[{"count":5,"href":"https:\/\/www.association-auburtin.fr\/index.php\/wp-json\/wp\/v2\/pages\/2669\/revisions"}],"predecessor-version":[{"id":2730,"href":"https:\/\/www.association-auburtin.fr\/index.php\/wp-json\/wp\/v2\/pages\/2669\/revisions\/2730"}],"up":[{"embeddable":true,"href":"https:\/\/www.association-auburtin.fr\/index.php\/wp-json\/wp\/v2\/pages\/1050"}],"wp:attachment":[{"href":"https:\/\/www.association-auburtin.fr\/index.php\/wp-json\/wp\/v2\/media?parent=2669"}],"curies":[{"name":"wp","href":"https:\/\/api.w.org\/{rel}","templated":true}]}}

<div class="wp-block-columns is-layout-flex wp-container-core-columns-is-layout-1 wp-block-columns-is-layout-flex">
<div class="wp-block-column is-layout-flow wp-block-column-is-layout-flow" style="flex-basis:4%">
<div class="wp-block-buttons is-horizontal is-content-justification-center is-layout-flex wp-container-core-buttons-is-layout-1 wp-block-buttons-is-layout-flex">
<div class="wp-block-button"><a class="wp-block-button__link wp-element-button" href="https://www.association-auburtin.fr/index.php/accueil/bibliographie/bibliographie-2/">&lt;</a></div>
</div>
</div>



<div class="wp-block-column is-layout-flow wp-block-column-is-layout-flow" style="flex-basis:92%">
<p>Expositions, galeries, catalogues</p>



<ul class="wp-block-list">
<li>2021 Lodève : « Un Age d’Or », par JF.Auburtin, catalogue sous la direction d’Ivonne Papin-Drastik, directrice du musée de Lodève. Exposition présentée de septembre 2021 à mars 2022</li>



<li>2022 Pontoise&nbsp;: «&nbsp;mer et falaises par JF.Auburtin&nbsp;», livre sous la direction de Christophe Duvivier, directeur du musée Camille Pissarro. Exposition présentée d’avril à août 2022</li>



<li>2024 Louvre-Lens&nbsp;: «&nbsp;Mondes Souterrains&nbsp;», catalogue sous la direction d’Alexandre Estaquet-Legrand, conservateur du patrimoine, directeur du MUDO &#8211; musée de l’Oise. Exposition collective présentée du 27 mars 2024 au 22 juillet 2024 (Chant sur l’eau par JF.Auburtin, prêt du musée Le Petit Palais Paris)</li>



<li>2024 Lausanne Suisse : musée cantonal des Beaux-Arts « Thalassa, Thalassa ! l’imaginaire de la mer », catalogue sous la direction de Danielle Chaperon et Catherine Lepdor, conservatrice en chef, MCBA. Exposition collective du 10 octobre 2024 au 12 janvier 2025 (deux œuvres de JF.Auburtin, collection privée)</li>
</ul>
</div>



<div class="wp-block-column is-layout-flow wp-block-column-is-layout-flow" style="flex-basis:4%">
<div class="wp-block-buttons is-horizontal is-content-justification-center is-layout-flex wp-container-core-buttons-is-layout-2 wp-block-buttons-is-layout-flex">
<div class="wp-block-button"><a class="wp-block-button__link wp-element-button" href="https://www.association-auburtin.fr/index.php/accueil/bibliographie/bibliographie-4/">&gt;</a></div>
</div>
</div>
</div>

<!-- This site is optimized with the Yoast SEO plugin v23.6 - https://yoast.com/wordpress/plugins/seo/ -->
<title>Bibliographie 3 - Association Auburtin</title>
<meta name="robots" content="index, follow, max-snippet:-1, max-image-preview:large, max-video-preview:-1" />
<link rel="canonical" href="https://www.association-auburtin.fr/index.php/accueil/bibliographie/bibliographie-3/" />
<meta property="og:locale" content="fr_FR" />
<meta property="og:type" content="article" />
<meta property="og:title" content="Bibliographie 3 - Association Auburtin" />
<meta property="og:description" content="Expositions, galeries, catalogues" />
<meta property="og:url" content="https://www.association-auburtin.fr/index.php/accueil/bibliographie/bibliographie-3/" />
<meta property="og:site_name" content="Association Auburtin" />
<meta property="article:modified_time" content="2024-10-07T13:14:02+00:00" />
<meta name="twitter:card" content="summary_large_image" />
<meta name="twitter:label1" content="Durée de lecture estimée" />
	<meta name="twitter:data1" content="1 minute" />
<script type="application/ld+json" class="yoast-schema-graph">{"@context":"https://schema.org","@graph":[{"@type":"WebPage","@id":"https://www.association-auburtin.fr/index.php/accueil/bibliographie/bibliographie-3/","url":"https://www.association-auburtin.fr/index.php/accueil/bibliographie/bibliographie-3/","name":"Bibliographie 3 - Association Auburtin","isPartOf":{"@id":"https://www.association-auburtin.fr/#website"},"datePublished":"2024-02-05T10:17:24+00:00","dateModified":"2024-10-07T13:14:02+00:00","breadcrumb":{"@id":"https://www.association-auburtin.fr/index.php/accueil/bibliographie/bibliographie-3/#breadcrumb"},"inLanguage":"fr-FR","potentialAction":[{"@type":"ReadAction","target":["https://www.association-auburtin.fr/index.php/accueil/bibliographie/bibliographie-3/"]}]},{"@type":"BreadcrumbList","@id":"https://www.association-auburtin.fr/index.php/accueil/bibliographie/bibliographie-3/#breadcrumb","itemListElement":[{"@type":"ListItem","position":1,"name":"Accueil","item":"https://www.association-auburtin.fr/"},{"@type":"ListItem","position":2,"name":"Jean Francis Auburtin (artiste peintre 1866 &#8211; 1930)","item":"https://www.association-auburtin.fr/"},{"@type":"ListItem","position":3,"name":"Bibliographie","item":"https://www.association-auburtin.fr/index.php/accueil/bibliographie/"},{"@type":"ListItem","position":4,"name":"Bibliographie 3"}]},{"@type":"WebSite","@id":"https://www.association-auburtin.fr/#website","url":"https://www.association-auburtin.fr/","name":"Association Auburtin","description":"Les Amis et les Descendants de Jean Francis AUBURTIN","publisher":{"@id":"https://www.association-auburtin.fr/#organization"},"potentialAction":[{"@type":"SearchAction","target":{"@type":"EntryPoint","urlTemplate":"https://www.association-auburtin.fr/?s={search_term_string}"},"query-input":{"@type":"PropertyValueSpecification","valueRequired":true,"valueName":"search_term_string"}}],"inLanguage":"fr-FR"},{"@type":"Organization","@id":"https://www.association-auburtin.fr/#organization","name":"Association Auburtin","url":"https://www.association-auburtin.fr/","logo":{"@type":"ImageObject","inLanguage":"fr-FR","@id":"https://www.association-auburtin.fr/#/schema/logo/image/","url":"https://www.association-auburtin.fr/wp-content/uploads/2021/01/logo-jfa-1.jpg","contentUrl":"https://www.association-auburtin.fr/wp-content/uploads/2021/01/logo-jfa-1.jpg","width":904,"height":855,"caption":"Association Auburtin"},"image":{"@id":"https://www.association-auburtin.fr/#/schema/logo/image/"}}]}</script>
<!-- / Yoast SEO plugin. -->
