{"id":20,"date":"2020-12-16T13:25:55","date_gmt":"2020-12-16T12:25:55","guid":{"rendered":"http:\/\/assocvo.cluster030.hosting.ovh.net\/?page_id=20"},"modified":"2023-04-29T15:16:50","modified_gmt":"2023-04-29T13:16:50","slug":"l-association","status":"publish","type":"page","link":"https:\/\/www.association-auburtin.fr\/index.php\/accueil\/l-association\/","title":{"rendered":"L&rsquo;association"},"content":{"rendered":"\n<div class=\"wp-block-columns is-layout-flex wp-container-core-columns-is-layout-1 wp-block-columns-is-layout-flex\">\n<div class=\"wp-block-column is-layout-flow wp-block-column-is-layout-flow\" style=\"flex-basis:4%\"><\/div>\n\n\n\n<div class=\"wp-block-column is-vertically-aligned-top is-layout-flow wp-block-column-is-layout-flow\" style=\"flex-basis:92%\">\n<p><\/p>\n\n\n\n<figure class=\"wp-block-gallery has-nested-images columns-default is-cropped wp-block-gallery-1 is-layout-flex wp-block-gallery-is-layout-flex\">\n<figure class=\"wp-block-image size-large\"><img loading=\"lazy\" decoding=\"async\" width=\"1024\" height=\"589\" src=\"https:\/\/www.association-auburtin.fr\/wp-content\/uploads\/2021\/01\/N57-1024x589.jpg\" alt=\"japonisme\" class=\"wp-image-154\" srcset=\"https:\/\/www.association-auburtin.fr\/wp-content\/uploads\/2021\/01\/N57-1024x589.jpg 1024w, https:\/\/www.association-auburtin.fr\/wp-content\/uploads\/2021\/01\/N57-300x172.jpg 300w, https:\/\/www.association-auburtin.fr\/wp-content\/uploads\/2021\/01\/N57-768x441.jpg 768w, https:\/\/www.association-auburtin.fr\/wp-content\/uploads\/2021\/01\/N57.jpg 1124w\" sizes=\"(max-width: 1024px) 100vw, 1024px\" \/><\/figure>\n\n\n\n<figure class=\"wp-block-image size-large\"><img loading=\"lazy\" decoding=\"async\" width=\"904\" height=\"855\" src=\"https:\/\/www.association-auburtin.fr\/wp-content\/uploads\/2021\/01\/logo-jfa-1-2.jpg\" alt=\"\" class=\"wp-image-517\" srcset=\"https:\/\/www.association-auburtin.fr\/wp-content\/uploads\/2021\/01\/logo-jfa-1-2.jpg 904w, https:\/\/www.association-auburtin.fr\/wp-content\/uploads\/2021\/01\/logo-jfa-1-2-300x284.jpg 300w, https:\/\/www.association-auburtin.fr\/wp-content\/uploads\/2021\/01\/logo-jfa-1-2-768x726.jpg 768w\" sizes=\"(max-width: 904px) 100vw, 904px\" \/><\/figure>\n\n\n\n<figure class=\"wp-block-image size-large\"><img decoding=\"async\" src=\"https:\/\/www.association-auburtin.fr\/wp-content\/uploads\/2021\/01\/N24-e1618527415363.jpg\" alt=\"\"\/><\/figure>\n<\/figure>\n<\/div>\n\n\n\n<div class=\"wp-block-column is-vertically-aligned-top is-layout-flow wp-block-column-is-layout-flow\" style=\"flex-basis:4%\">\n<div class=\"wp-block-buttons is-horizontal is-content-justification-center is-layout-flex wp-container-core-buttons-is-layout-1 wp-block-buttons-is-layout-flex\">\n<div class=\"wp-block-button\"><a class=\"wp-block-button__link wp-element-button\" href=\"https:\/\/www.association-auburtin.fr\/index.php\/accueil\/l-association\/association-1\">&gt;<\/a><\/div>\n<\/div>\n<\/div>\n<\/div>\n\n\n\n<p><\/p>\n\n\n\n<p class=\"has-text-align-center\">Madame, Monsieur,<br>Vous poss\u00e9dez une ou plusieurs \u0153uvres de JF Auburtin. Il en va de m\u00eame pour les<br>membres de sa famille, car une bonne partie de sa production est rest\u00e9e au sein de<br>celle-ci et de ce fait se trouve m\u00e9connue du public.<\/p>\n\n\n\n<p class=\"has-text-align-center\">Ce patrimoine culturel important risque de se disperser au fil des ans et des g\u00e9n\u00e9rations,<br>c\u2019est pourquoi quelques membres de sa famille ont pens\u00e9 \u00e0 se grouper pour rassembler<br>et faire conna\u00eetre son \u0153uvre.<\/p>\n","protected":false},"excerpt":{"rendered":"<p>Madame, Monsieur,Vous poss\u00e9dez une ou plusieurs \u0153uvres de JF Auburtin. Il en va de m\u00eame pour lesmembres de sa famille, car une bonne partie de sa production est rest\u00e9e au sein decelle-ci et de ce fait se trouve m\u00e9connue du public. Ce patrimoine culturel important risque de se disperser au fil des ans et des [&hellip;]<\/p>\n","protected":false},"author":1,"featured_media":0,"parent":11,"menu_order":4,"comment_status":"closed","ping_status":"closed","template":"","meta":{"footnotes":""},"class_list":["post-20","page","type-page","status-publish","hentry"],"blocksy_meta":{"styles_descriptor":{"styles":{"desktop":"","tablet":"","mobile":""},"google_fonts":[],"version":6}},"yoast_head":"<!-- This site is optimized with the Yoast SEO plugin v23.6 - https:\/\/yoast.com\/wordpress\/plugins\/seo\/ -->\n<title>L&#039;association - Association Auburtin<\/title>\n<meta name=\"robots\" content=\"index, follow, max-snippet:-1, max-image-preview:large, max-video-preview:-1\" \/>\n<link rel=\"canonical\" href=\"https:\/\/www.association-auburtin.fr\/index.php\/accueil\/l-association\/\" \/>\n<meta property=\"og:locale\" content=\"fr_FR\" \/>\n<meta property=\"og:type\" content=\"article\" \/>\n<meta property=\"og:title\" content=\"L&#039;association - Association Auburtin\" \/>\n<meta property=\"og:description\" content=\"Madame, Monsieur,Vous poss\u00e9dez une ou plusieurs \u0153uvres de JF Auburtin. Il en va de m\u00eame pour lesmembres de sa famille, car une bonne partie de sa production est rest\u00e9e au sein decelle-ci et de ce fait se trouve m\u00e9connue du public. Ce patrimoine culturel important risque de se disperser au fil des ans et des [&hellip;]\" \/>\n<meta property=\"og:url\" content=\"https:\/\/www.association-auburtin.fr\/index.php\/accueil\/l-association\/\" \/>\n<meta property=\"og:site_name\" content=\"Association Auburtin\" \/>\n<meta property=\"article:modified_time\" content=\"2023-04-29T13:16:50+00:00\" \/>\n<meta property=\"og:image\" content=\"https:\/\/www.association-auburtin.fr\/wp-content\/uploads\/2021\/01\/N57-1024x589.jpg\" \/>\n<meta name=\"twitter:card\" content=\"summary_large_image\" \/>\n<script type=\"application\/ld+json\" class=\"yoast-schema-graph\">{\"@context\":\"https:\/\/schema.org\",\"@graph\":[{\"@type\":\"WebPage\",\"@id\":\"https:\/\/www.association-auburtin.fr\/index.php\/accueil\/l-association\/\",\"url\":\"https:\/\/www.association-auburtin.fr\/index.php\/accueil\/l-association\/\",\"name\":\"L'association - Association Auburtin\",\"isPartOf\":{\"@id\":\"https:\/\/www.association-auburtin.fr\/#website\"},\"primaryImageOfPage\":{\"@id\":\"https:\/\/www.association-auburtin.fr\/index.php\/accueil\/l-association\/#primaryimage\"},\"image\":{\"@id\":\"https:\/\/www.association-auburtin.fr\/index.php\/accueil\/l-association\/#primaryimage\"},\"thumbnailUrl\":\"https:\/\/www.association-auburtin.fr\/wp-content\/uploads\/2021\/01\/N57-1024x589.jpg\",\"datePublished\":\"2020-12-16T12:25:55+00:00\",\"dateModified\":\"2023-04-29T13:16:50+00:00\",\"breadcrumb\":{\"@id\":\"https:\/\/www.association-auburtin.fr\/index.php\/accueil\/l-association\/#breadcrumb\"},\"inLanguage\":\"fr-FR\",\"potentialAction\":[{\"@type\":\"ReadAction\",\"target\":[\"https:\/\/www.association-auburtin.fr\/index.php\/accueil\/l-association\/\"]}]},{\"@type\":\"ImageObject\",\"inLanguage\":\"fr-FR\",\"@id\":\"https:\/\/www.association-auburtin.fr\/index.php\/accueil\/l-association\/#primaryimage\",\"url\":\"https:\/\/www.association-auburtin.fr\/wp-content\/uploads\/2021\/01\/N57.jpg\",\"contentUrl\":\"https:\/\/www.association-auburtin.fr\/wp-content\/uploads\/2021\/01\/N57.jpg\",\"width\":1124,\"height\":646,\"caption\":\"rochers de Ploumanach , bretagne\"},{\"@type\":\"BreadcrumbList\",\"@id\":\"https:\/\/www.association-auburtin.fr\/index.php\/accueil\/l-association\/#breadcrumb\",\"itemListElement\":[{\"@type\":\"ListItem\",\"position\":1,\"name\":\"Accueil\",\"item\":\"https:\/\/www.association-auburtin.fr\/\"},{\"@type\":\"ListItem\",\"position\":2,\"name\":\"Jean Francis Auburtin (artiste peintre 1866 &#8211; 1930)\",\"item\":\"https:\/\/www.association-auburtin.fr\/\"},{\"@type\":\"ListItem\",\"position\":3,\"name\":\"L&rsquo;association\"}]},{\"@type\":\"WebSite\",\"@id\":\"https:\/\/www.association-auburtin.fr\/#website\",\"url\":\"https:\/\/www.association-auburtin.fr\/\",\"name\":\"Association Auburtin\",\"description\":\"Les Amis et les Descendants de Jean Francis AUBURTIN\",\"publisher\":{\"@id\":\"https:\/\/www.association-auburtin.fr\/#organization\"},\"potentialAction\":[{\"@type\":\"SearchAction\",\"target\":{\"@type\":\"EntryPoint\",\"urlTemplate\":\"https:\/\/www.association-auburtin.fr\/?s={search_term_string}\"},\"query-input\":{\"@type\":\"PropertyValueSpecification\",\"valueRequired\":true,\"valueName\":\"search_term_string\"}}],\"inLanguage\":\"fr-FR\"},{\"@type\":\"Organization\",\"@id\":\"https:\/\/www.association-auburtin.fr\/#organization\",\"name\":\"Association Auburtin\",\"url\":\"https:\/\/www.association-auburtin.fr\/\",\"logo\":{\"@type\":\"ImageObject\",\"inLanguage\":\"fr-FR\",\"@id\":\"https:\/\/www.association-auburtin.fr\/#\/schema\/logo\/image\/\",\"url\":\"https:\/\/www.association-auburtin.fr\/wp-content\/uploads\/2021\/01\/logo-jfa-1.jpg\",\"contentUrl\":\"https:\/\/www.association-auburtin.fr\/wp-content\/uploads\/2021\/01\/logo-jfa-1.jpg\",\"width\":904,\"height\":855,\"caption\":\"Association Auburtin\"},\"image\":{\"@id\":\"https:\/\/www.association-auburtin.fr\/#\/schema\/logo\/image\/\"}}]}<\/script>\n<!-- \/ Yoast SEO plugin. -->","yoast_head_json":{"title":"L'association - Association Auburtin","robots":{"index":"index","follow":"follow","max-snippet":"max-snippet:-1","max-image-preview":"max-image-preview:large","max-video-preview":"max-video-preview:-1"},"canonical":"https:\/\/www.association-auburtin.fr\/index.php\/accueil\/l-association\/","og_locale":"fr_FR","og_type":"article","og_title":"L'association - Association Auburtin","og_description":"Madame, Monsieur,Vous poss\u00e9dez une ou plusieurs \u0153uvres de JF Auburtin. Il en va de m\u00eame pour lesmembres de sa famille, car une bonne partie de sa production est rest\u00e9e au sein decelle-ci et de ce fait se trouve m\u00e9connue du public. Ce patrimoine culturel important risque de se disperser au fil des ans et des [&hellip;]","og_url":"https:\/\/www.association-auburtin.fr\/index.php\/accueil\/l-association\/","og_site_name":"Association Auburtin","article_modified_time":"2023-04-29T13:16:50+00:00","og_image":[{"url":"https:\/\/www.association-auburtin.fr\/wp-content\/uploads\/2021\/01\/N57-1024x589.jpg"}],"twitter_card":"summary_large_image","schema":{"@context":"https:\/\/schema.org","@graph":[{"@type":"WebPage","@id":"https:\/\/www.association-auburtin.fr\/index.php\/accueil\/l-association\/","url":"https:\/\/www.association-auburtin.fr\/index.php\/accueil\/l-association\/","name":"L'association - Association Auburtin","isPartOf":{"@id":"https:\/\/www.association-auburtin.fr\/#website"},"primaryImageOfPage":{"@id":"https:\/\/www.association-auburtin.fr\/index.php\/accueil\/l-association\/#primaryimage"},"image":{"@id":"https:\/\/www.association-auburtin.fr\/index.php\/accueil\/l-association\/#primaryimage"},"thumbnailUrl":"https:\/\/www.association-auburtin.fr\/wp-content\/uploads\/2021\/01\/N57-1024x589.jpg","datePublished":"2020-12-16T12:25:55+00:00","dateModified":"2023-04-29T13:16:50+00:00","breadcrumb":{"@id":"https:\/\/www.association-auburtin.fr\/index.php\/accueil\/l-association\/#breadcrumb"},"inLanguage":"fr-FR","potentialAction":[{"@type":"ReadAction","target":["https:\/\/www.association-auburtin.fr\/index.php\/accueil\/l-association\/"]}]},{"@type":"ImageObject","inLanguage":"fr-FR","@id":"https:\/\/www.association-auburtin.fr\/index.php\/accueil\/l-association\/#primaryimage","url":"https:\/\/www.association-auburtin.fr\/wp-content\/uploads\/2021\/01\/N57.jpg","contentUrl":"https:\/\/www.association-auburtin.fr\/wp-content\/uploads\/2021\/01\/N57.jpg","width":1124,"height":646,"caption":"rochers de Ploumanach , bretagne"},{"@type":"BreadcrumbList","@id":"https:\/\/www.association-auburtin.fr\/index.php\/accueil\/l-association\/#breadcrumb","itemListElement":[{"@type":"ListItem","position":1,"name":"Accueil","item":"https:\/\/www.association-auburtin.fr\/"},{"@type":"ListItem","position":2,"name":"Jean Francis Auburtin (artiste peintre 1866 &#8211; 1930)","item":"https:\/\/www.association-auburtin.fr\/"},{"@type":"ListItem","position":3,"name":"L&rsquo;association"}]},{"@type":"WebSite","@id":"https:\/\/www.association-auburtin.fr\/#website","url":"https:\/\/www.association-auburtin.fr\/","name":"Association Auburtin","description":"Les Amis et les Descendants de Jean Francis AUBURTIN","publisher":{"@id":"https:\/\/www.association-auburtin.fr\/#organization"},"potentialAction":[{"@type":"SearchAction","target":{"@type":"EntryPoint","urlTemplate":"https:\/\/www.association-auburtin.fr\/?s={search_term_string}"},"query-input":{"@type":"PropertyValueSpecification","valueRequired":true,"valueName":"search_term_string"}}],"inLanguage":"fr-FR"},{"@type":"Organization","@id":"https:\/\/www.association-auburtin.fr\/#organization","name":"Association Auburtin","url":"https:\/\/www.association-auburtin.fr\/","logo":{"@type":"ImageObject","inLanguage":"fr-FR","@id":"https:\/\/www.association-auburtin.fr\/#\/schema\/logo\/image\/","url":"https:\/\/www.association-auburtin.fr\/wp-content\/uploads\/2021\/01\/logo-jfa-1.jpg","contentUrl":"https:\/\/www.association-auburtin.fr\/wp-content\/uploads\/2021\/01\/logo-jfa-1.jpg","width":904,"height":855,"caption":"Association Auburtin"},"image":{"@id":"https:\/\/www.association-auburtin.fr\/#\/schema\/logo\/image\/"}}]}},"_links":{"self":[{"href":"https:\/\/www.association-auburtin.fr\/index.php\/wp-json\/wp\/v2\/pages\/20"}],"collection":[{"href":"https:\/\/www.association-auburtin.fr\/index.php\/wp-json\/wp\/v2\/pages"}],"about":[{"href":"https:\/\/www.association-auburtin.fr\/index.php\/wp-json\/wp\/v2\/types\/page"}],"author":[{"embeddable":true,"href":"https:\/\/www.association-auburtin.fr\/index.php\/wp-json\/wp\/v2\/users\/1"}],"replies":[{"embeddable":true,"href":"https:\/\/www.association-auburtin.fr\/index.php\/wp-json\/wp\/v2\/comments?post=20"}],"version-history":[{"count":20,"href":"https:\/\/www.association-auburtin.fr\/index.php\/wp-json\/wp\/v2\/pages\/20\/revisions"}],"predecessor-version":[{"id":2650,"href":"https:\/\/www.association-auburtin.fr\/index.php\/wp-json\/wp\/v2\/pages\/20\/revisions\/2650"}],"up":[{"embeddable":true,"href":"https:\/\/www.association-auburtin.fr\/index.php\/wp-json\/wp\/v2\/pages\/11"}],"wp:attachment":[{"href":"https:\/\/www.association-auburtin.fr\/index.php\/wp-json\/wp\/v2\/media?parent=20"}],"curies":[{"name":"wp","href":"https:\/\/api.w.org\/{rel}","templated":true}]}}

<div class="wp-block-columns is-layout-flex wp-container-core-columns-is-layout-1 wp-block-columns-is-layout-flex">
<div class="wp-block-column is-layout-flow wp-block-column-is-layout-flow" style="flex-basis:4%"></div>



<div class="wp-block-column is-vertically-aligned-top is-layout-flow wp-block-column-is-layout-flow" style="flex-basis:92%">
<p></p>



<figure class="wp-block-gallery has-nested-images columns-default is-cropped wp-block-gallery-1 is-layout-flex wp-block-gallery-is-layout-flex">
<figure class="wp-block-image size-large"><img loading="lazy" decoding="async" width="1024" height="589" src="https://www.association-auburtin.fr/wp-content/uploads/2021/01/N57-1024x589.jpg" alt="japonisme" class="wp-image-154" srcset="https://www.association-auburtin.fr/wp-content/uploads/2021/01/N57-1024x589.jpg 1024w, https://www.association-auburtin.fr/wp-content/uploads/2021/01/N57-300x172.jpg 300w, https://www.association-auburtin.fr/wp-content/uploads/2021/01/N57-768x441.jpg 768w, https://www.association-auburtin.fr/wp-content/uploads/2021/01/N57.jpg 1124w" sizes="(max-width: 1024px) 100vw, 1024px" /></figure>



<figure class="wp-block-image size-large"><img loading="lazy" decoding="async" width="904" height="855" src="https://www.association-auburtin.fr/wp-content/uploads/2021/01/logo-jfa-1-2.jpg" alt="" class="wp-image-517" srcset="https://www.association-auburtin.fr/wp-content/uploads/2021/01/logo-jfa-1-2.jpg 904w, https://www.association-auburtin.fr/wp-content/uploads/2021/01/logo-jfa-1-2-300x284.jpg 300w, https://www.association-auburtin.fr/wp-content/uploads/2021/01/logo-jfa-1-2-768x726.jpg 768w" sizes="(max-width: 904px) 100vw, 904px" /></figure>



<figure class="wp-block-image size-large"><img decoding="async" src="https://www.association-auburtin.fr/wp-content/uploads/2021/01/N24-e1618527415363.jpg" alt=""/></figure>
</figure>
</div>



<div class="wp-block-column is-vertically-aligned-top is-layout-flow wp-block-column-is-layout-flow" style="flex-basis:4%">
<div class="wp-block-buttons is-horizontal is-content-justification-center is-layout-flex wp-container-core-buttons-is-layout-1 wp-block-buttons-is-layout-flex">
<div class="wp-block-button"><a class="wp-block-button__link wp-element-button" href="https://www.association-auburtin.fr/index.php/accueil/l-association/association-1">&gt;</a></div>
</div>
</div>
</div>



<p></p>



<p class="has-text-align-center">Madame, Monsieur,<br>Vous possédez une ou plusieurs œuvres de JF Auburtin. Il en va de même pour les<br>membres de sa famille, car une bonne partie de sa production est restée au sein de<br>celle-ci et de ce fait se trouve méconnue du public.</p>



<p class="has-text-align-center">Ce patrimoine culturel important risque de se disperser au fil des ans et des générations,<br>c’est pourquoi quelques membres de sa famille ont pensé à se grouper pour rassembler<br>et faire connaître son œuvre.</p>

<p>Madame, Monsieur,Vous possédez une ou plusieurs œuvres de JF Auburtin. Il en va de même pour lesmembres de sa famille, car une bonne partie de sa production est restée au sein decelle-ci et de ce fait se trouve méconnue du public. Ce patrimoine culturel important risque de se disperser au fil des ans et des [&hellip;]</p>

<!-- This site is optimized with the Yoast SEO plugin v23.6 - https://yoast.com/wordpress/plugins/seo/ -->
<title>L&#039;association - Association Auburtin</title>
<meta name="robots" content="index, follow, max-snippet:-1, max-image-preview:large, max-video-preview:-1" />
<link rel="canonical" href="https://www.association-auburtin.fr/index.php/accueil/l-association/" />
<meta property="og:locale" content="fr_FR" />
<meta property="og:type" content="article" />
<meta property="og:title" content="L&#039;association - Association Auburtin" />
<meta property="og:description" content="Madame, Monsieur,Vous possédez une ou plusieurs œuvres de JF Auburtin. Il en va de même pour lesmembres de sa famille, car une bonne partie de sa production est restée au sein decelle-ci et de ce fait se trouve méconnue du public. Ce patrimoine culturel important risque de se disperser au fil des ans et des [&hellip;]" />
<meta property="og:url" content="https://www.association-auburtin.fr/index.php/accueil/l-association/" />
<meta property="og:site_name" content="Association Auburtin" />
<meta property="article:modified_time" content="2023-04-29T13:16:50+00:00" />
<meta property="og:image" content="https://www.association-auburtin.fr/wp-content/uploads/2021/01/N57-1024x589.jpg" />
<meta name="twitter:card" content="summary_large_image" />
<script type="application/ld+json" class="yoast-schema-graph">{"@context":"https://schema.org","@graph":[{"@type":"WebPage","@id":"https://www.association-auburtin.fr/index.php/accueil/l-association/","url":"https://www.association-auburtin.fr/index.php/accueil/l-association/","name":"L'association - Association Auburtin","isPartOf":{"@id":"https://www.association-auburtin.fr/#website"},"primaryImageOfPage":{"@id":"https://www.association-auburtin.fr/index.php/accueil/l-association/#primaryimage"},"image":{"@id":"https://www.association-auburtin.fr/index.php/accueil/l-association/#primaryimage"},"thumbnailUrl":"https://www.association-auburtin.fr/wp-content/uploads/2021/01/N57-1024x589.jpg","datePublished":"2020-12-16T12:25:55+00:00","dateModified":"2023-04-29T13:16:50+00:00","breadcrumb":{"@id":"https://www.association-auburtin.fr/index.php/accueil/l-association/#breadcrumb"},"inLanguage":"fr-FR","potentialAction":[{"@type":"ReadAction","target":["https://www.association-auburtin.fr/index.php/accueil/l-association/"]}]},{"@type":"ImageObject","inLanguage":"fr-FR","@id":"https://www.association-auburtin.fr/index.php/accueil/l-association/#primaryimage","url":"https://www.association-auburtin.fr/wp-content/uploads/2021/01/N57.jpg","contentUrl":"https://www.association-auburtin.fr/wp-content/uploads/2021/01/N57.jpg","width":1124,"height":646,"caption":"rochers de Ploumanach , bretagne"},{"@type":"BreadcrumbList","@id":"https://www.association-auburtin.fr/index.php/accueil/l-association/#breadcrumb","itemListElement":[{"@type":"ListItem","position":1,"name":"Accueil","item":"https://www.association-auburtin.fr/"},{"@type":"ListItem","position":2,"name":"Jean Francis Auburtin (artiste peintre 1866 &#8211; 1930)","item":"https://www.association-auburtin.fr/"},{"@type":"ListItem","position":3,"name":"L&rsquo;association"}]},{"@type":"WebSite","@id":"https://www.association-auburtin.fr/#website","url":"https://www.association-auburtin.fr/","name":"Association Auburtin","description":"Les Amis et les Descendants de Jean Francis AUBURTIN","publisher":{"@id":"https://www.association-auburtin.fr/#organization"},"potentialAction":[{"@type":"SearchAction","target":{"@type":"EntryPoint","urlTemplate":"https://www.association-auburtin.fr/?s={search_term_string}"},"query-input":{"@type":"PropertyValueSpecification","valueRequired":true,"valueName":"search_term_string"}}],"inLanguage":"fr-FR"},{"@type":"Organization","@id":"https://www.association-auburtin.fr/#organization","name":"Association Auburtin","url":"https://www.association-auburtin.fr/","logo":{"@type":"ImageObject","inLanguage":"fr-FR","@id":"https://www.association-auburtin.fr/#/schema/logo/image/","url":"https://www.association-auburtin.fr/wp-content/uploads/2021/01/logo-jfa-1.jpg","contentUrl":"https://www.association-auburtin.fr/wp-content/uploads/2021/01/logo-jfa-1.jpg","width":904,"height":855,"caption":"Association Auburtin"},"image":{"@id":"https://www.association-auburtin.fr/#/schema/logo/image/"}}]}</script>
<!-- / Yoast SEO plugin. -->

Madame, Monsieur,Vous possédez une ou plusieurs œuvres de JF Auburtin. Il en va de même pour lesmembres de sa famille, car une bonne partie de sa production est restée au sein decelle-ci et de ce fait se trouve méconnue du public. Ce patrimoine culturel important risque de se disperser au fil des ans et des [&hellip;]
