{"id":1070,"date":"2021-02-24T18:12:53","date_gmt":"2021-02-24T17:12:53","guid":{"rendered":"https:\/\/www.association-auburtin.fr\/?page_id=1070"},"modified":"2024-02-05T11:34:58","modified_gmt":"2024-02-05T10:34:58","slug":"bibliographie-2","status":"publish","type":"page","link":"https:\/\/www.association-auburtin.fr\/index.php\/accueil\/bibliographie\/bibliographie-2\/","title":{"rendered":"Bibliographie 2"},"content":{"rendered":"\n<div class=\"wp-block-columns is-layout-flex wp-container-core-columns-is-layout-1 wp-block-columns-is-layout-flex\">\n<div class=\"wp-block-column is-layout-flow wp-block-column-is-layout-flow\" style=\"flex-basis:4%\">\n<div class=\"wp-block-buttons is-horizontal is-content-justification-center is-layout-flex wp-container-core-buttons-is-layout-1 wp-block-buttons-is-layout-flex\">\n<div class=\"wp-block-button\"><a class=\"wp-block-button__link wp-element-button\" href=\"https:\/\/www.association-auburtin.fr\/index.php\/accueil\/bibliographie\/bibliographie-1\/\">&lt;<\/a><\/div>\n<\/div>\n<\/div>\n\n\n\n<div class=\"wp-block-column is-layout-flow wp-block-column-is-layout-flow\" style=\"flex-basis:92%\">\n<p>Expositions, galeries, catalogues<\/p>\n\n\n\n<ul class=\"wp-block-list\">\n<li>2009 Annecy : \u00ab\u00a0Avec vue sur lac\u00a0\u00bb (collectif), JF.Auburtin. Exposition Annecy ch\u00e2teau-mus\u00e9e<\/li>\n\n\n\n<li>2010 Hy\u00e8res : \u00ab\u00a0Auburtin face \u00e0 la mer\u00a0\u00bb, Catalogue par Fran\u00e7ois Carrassan et Annick Le Cicl\u00e9. Exposition mus\u00e9e de la ville d\u2019Hy\u00e8res<\/li>\n\n\n\n<li>2010 Martigues : \u00ab\u00a0Ecume et rivages\u00a0\u00bb sous la direction de Lucienne del Furia. Exposition mus\u00e9e Ziem<\/li>\n\n\n\n<li>2011 Vannes : \u00ab\u00a0Rivages\u00a0\u00bb. Exposition vente galerie Doyen<\/li>\n\n\n\n<li>2012 St Briac sur mer : \u00ab\u00a0JF.Auburtin, le temps suspendu\u00a0\u00bb. Catalogue par Patricia Plaud-Dilhuit. Exposition mus\u00e9e Couvent de la Sagesse<\/li>\n\n\n\n<li>2012 Morlaix : \u00ab\u00a0Le Japonisme de JF.Auburtin\u00a0\u00bb. Catalogue par Cyrielle Durox et Beatrice Rioux. Exposition mus\u00e9e des Jacobins<\/li>\n\n\n\n<li>2013 Aix les Bains : \u00ab\u00a0Reflets de lacs\u00a0\u00bb. Catalogue par Andr\u00e9 Liatard. Exposition mus\u00e9e Faure<\/li>\n\n\n\n<li>2016 Rouen : Le temps des collections \u00ab\u00a0Un r\u00eave d&rsquo;Arcadie par JF Auburtin\u00a0\u00bb. Exposition mus\u00e9e des Beaux-Arts de Rouen<\/li>\n\n\n\n<li>2018 Lamballe : \u00ab\u00a0Vues sur mer\u00a0\u00bb, JF.Auburtin et Mathurin Meheut. Catalogue sous la direction de D-M Bo\u00ebll et J Duroc. Exposition mus\u00e9e Mathurin Meheut<\/li>\n\n\n\n<li>2018-2019 Aix les Bains : \u00ab\u00a0Pas de deux, Auburtin, Rodin et la danse\u00a0\u00bb. Catalogue sous la direction de Delphine Miege. Exposition mus\u00e9e Faure<\/li>\n\n\n\n<li>2019 Giverny : \u00ab\u00a0Monet-Auburtin : Une rencontre artistique\u00a0\u00bb. Catalogue sous la direction de G\u00e9raldine Lefebvre. Exposition mus\u00e9e des impressionnismes Giverny<\/li>\n<\/ul>\n<\/div>\n\n\n\n<div class=\"wp-block-column is-layout-flow wp-block-column-is-layout-flow\" style=\"flex-basis:4%\">\n<div class=\"wp-block-buttons is-horizontal is-content-justification-center is-layout-flex wp-container-core-buttons-is-layout-2 wp-block-buttons-is-layout-flex\">\n<div class=\"wp-block-button\"><a class=\"wp-block-button__link wp-element-button\" href=\"https:\/\/www.association-auburtin.fr\/index.php\/accueil\/bibliographie\/bibliographie-3\/\">&gt;<\/a><\/div>\n<\/div>\n<\/div>\n<\/div>\n","protected":false},"excerpt":{"rendered":"<p>Expositions, galeries, catalogues<\/p>\n","protected":false},"author":1,"featured_media":0,"parent":1050,"menu_order":2,"comment_status":"closed","ping_status":"closed","template":"","meta":{"footnotes":""},"class_list":["post-1070","page","type-page","status-publish","hentry"],"blocksy_meta":{"styles_descriptor":{"styles":{"desktop":"","tablet":"","mobile":""},"google_fonts":[],"version":6}},"yoast_head":"<!-- This site is optimized with the Yoast SEO plugin v23.6 - https:\/\/yoast.com\/wordpress\/plugins\/seo\/ -->\n<title>Bibliographie 2 - Association Auburtin<\/title>\n<meta name=\"robots\" content=\"index, follow, max-snippet:-1, max-image-preview:large, max-video-preview:-1\" \/>\n<link rel=\"canonical\" href=\"https:\/\/www.association-auburtin.fr\/index.php\/accueil\/bibliographie\/bibliographie-2\/\" \/>\n<meta property=\"og:locale\" content=\"fr_FR\" \/>\n<meta property=\"og:type\" content=\"article\" \/>\n<meta property=\"og:title\" content=\"Bibliographie 2 - Association Auburtin\" \/>\n<meta property=\"og:description\" content=\"Expositions, galeries, catalogues\" \/>\n<meta property=\"og:url\" content=\"https:\/\/www.association-auburtin.fr\/index.php\/accueil\/bibliographie\/bibliographie-2\/\" \/>\n<meta property=\"og:site_name\" content=\"Association Auburtin\" \/>\n<meta property=\"article:modified_time\" content=\"2024-02-05T10:34:58+00:00\" \/>\n<meta name=\"twitter:card\" content=\"summary_large_image\" \/>\n<meta name=\"twitter:label1\" content=\"Dur\u00e9e de lecture estim\u00e9e\" \/>\n\t<meta name=\"twitter:data1\" content=\"1 minute\" \/>\n<script type=\"application\/ld+json\" class=\"yoast-schema-graph\">{\"@context\":\"https:\/\/schema.org\",\"@graph\":[{\"@type\":\"WebPage\",\"@id\":\"https:\/\/www.association-auburtin.fr\/index.php\/accueil\/bibliographie\/bibliographie-2\/\",\"url\":\"https:\/\/www.association-auburtin.fr\/index.php\/accueil\/bibliographie\/bibliographie-2\/\",\"name\":\"Bibliographie 2 - Association Auburtin\",\"isPartOf\":{\"@id\":\"https:\/\/www.association-auburtin.fr\/#website\"},\"datePublished\":\"2021-02-24T17:12:53+00:00\",\"dateModified\":\"2024-02-05T10:34:58+00:00\",\"breadcrumb\":{\"@id\":\"https:\/\/www.association-auburtin.fr\/index.php\/accueil\/bibliographie\/bibliographie-2\/#breadcrumb\"},\"inLanguage\":\"fr-FR\",\"potentialAction\":[{\"@type\":\"ReadAction\",\"target\":[\"https:\/\/www.association-auburtin.fr\/index.php\/accueil\/bibliographie\/bibliographie-2\/\"]}]},{\"@type\":\"BreadcrumbList\",\"@id\":\"https:\/\/www.association-auburtin.fr\/index.php\/accueil\/bibliographie\/bibliographie-2\/#breadcrumb\",\"itemListElement\":[{\"@type\":\"ListItem\",\"position\":1,\"name\":\"Accueil\",\"item\":\"https:\/\/www.association-auburtin.fr\/\"},{\"@type\":\"ListItem\",\"position\":2,\"name\":\"Jean Francis Auburtin (artiste peintre 1866 &#8211; 1930)\",\"item\":\"https:\/\/www.association-auburtin.fr\/\"},{\"@type\":\"ListItem\",\"position\":3,\"name\":\"Bibliographie\",\"item\":\"https:\/\/www.association-auburtin.fr\/index.php\/accueil\/bibliographie\/\"},{\"@type\":\"ListItem\",\"position\":4,\"name\":\"Bibliographie 2\"}]},{\"@type\":\"WebSite\",\"@id\":\"https:\/\/www.association-auburtin.fr\/#website\",\"url\":\"https:\/\/www.association-auburtin.fr\/\",\"name\":\"Association Auburtin\",\"description\":\"Les Amis et les Descendants de Jean Francis AUBURTIN\",\"publisher\":{\"@id\":\"https:\/\/www.association-auburtin.fr\/#organization\"},\"potentialAction\":[{\"@type\":\"SearchAction\",\"target\":{\"@type\":\"EntryPoint\",\"urlTemplate\":\"https:\/\/www.association-auburtin.fr\/?s={search_term_string}\"},\"query-input\":{\"@type\":\"PropertyValueSpecification\",\"valueRequired\":true,\"valueName\":\"search_term_string\"}}],\"inLanguage\":\"fr-FR\"},{\"@type\":\"Organization\",\"@id\":\"https:\/\/www.association-auburtin.fr\/#organization\",\"name\":\"Association Auburtin\",\"url\":\"https:\/\/www.association-auburtin.fr\/\",\"logo\":{\"@type\":\"ImageObject\",\"inLanguage\":\"fr-FR\",\"@id\":\"https:\/\/www.association-auburtin.fr\/#\/schema\/logo\/image\/\",\"url\":\"https:\/\/www.association-auburtin.fr\/wp-content\/uploads\/2021\/01\/logo-jfa-1.jpg\",\"contentUrl\":\"https:\/\/www.association-auburtin.fr\/wp-content\/uploads\/2021\/01\/logo-jfa-1.jpg\",\"width\":904,\"height\":855,\"caption\":\"Association Auburtin\"},\"image\":{\"@id\":\"https:\/\/www.association-auburtin.fr\/#\/schema\/logo\/image\/\"}}]}<\/script>\n<!-- \/ Yoast SEO plugin. -->","yoast_head_json":{"title":"Bibliographie 2 - Association Auburtin","robots":{"index":"index","follow":"follow","max-snippet":"max-snippet:-1","max-image-preview":"max-image-preview:large","max-video-preview":"max-video-preview:-1"},"canonical":"https:\/\/www.association-auburtin.fr\/index.php\/accueil\/bibliographie\/bibliographie-2\/","og_locale":"fr_FR","og_type":"article","og_title":"Bibliographie 2 - Association Auburtin","og_description":"Expositions, galeries, catalogues","og_url":"https:\/\/www.association-auburtin.fr\/index.php\/accueil\/bibliographie\/bibliographie-2\/","og_site_name":"Association Auburtin","article_modified_time":"2024-02-05T10:34:58+00:00","twitter_card":"summary_large_image","twitter_misc":{"Dur\u00e9e de lecture estim\u00e9e":"1 minute"},"schema":{"@context":"https:\/\/schema.org","@graph":[{"@type":"WebPage","@id":"https:\/\/www.association-auburtin.fr\/index.php\/accueil\/bibliographie\/bibliographie-2\/","url":"https:\/\/www.association-auburtin.fr\/index.php\/accueil\/bibliographie\/bibliographie-2\/","name":"Bibliographie 2 - Association Auburtin","isPartOf":{"@id":"https:\/\/www.association-auburtin.fr\/#website"},"datePublished":"2021-02-24T17:12:53+00:00","dateModified":"2024-02-05T10:34:58+00:00","breadcrumb":{"@id":"https:\/\/www.association-auburtin.fr\/index.php\/accueil\/bibliographie\/bibliographie-2\/#breadcrumb"},"inLanguage":"fr-FR","potentialAction":[{"@type":"ReadAction","target":["https:\/\/www.association-auburtin.fr\/index.php\/accueil\/bibliographie\/bibliographie-2\/"]}]},{"@type":"BreadcrumbList","@id":"https:\/\/www.association-auburtin.fr\/index.php\/accueil\/bibliographie\/bibliographie-2\/#breadcrumb","itemListElement":[{"@type":"ListItem","position":1,"name":"Accueil","item":"https:\/\/www.association-auburtin.fr\/"},{"@type":"ListItem","position":2,"name":"Jean Francis Auburtin (artiste peintre 1866 &#8211; 1930)","item":"https:\/\/www.association-auburtin.fr\/"},{"@type":"ListItem","position":3,"name":"Bibliographie","item":"https:\/\/www.association-auburtin.fr\/index.php\/accueil\/bibliographie\/"},{"@type":"ListItem","position":4,"name":"Bibliographie 2"}]},{"@type":"WebSite","@id":"https:\/\/www.association-auburtin.fr\/#website","url":"https:\/\/www.association-auburtin.fr\/","name":"Association Auburtin","description":"Les Amis et les Descendants de Jean Francis AUBURTIN","publisher":{"@id":"https:\/\/www.association-auburtin.fr\/#organization"},"potentialAction":[{"@type":"SearchAction","target":{"@type":"EntryPoint","urlTemplate":"https:\/\/www.association-auburtin.fr\/?s={search_term_string}"},"query-input":{"@type":"PropertyValueSpecification","valueRequired":true,"valueName":"search_term_string"}}],"inLanguage":"fr-FR"},{"@type":"Organization","@id":"https:\/\/www.association-auburtin.fr\/#organization","name":"Association Auburtin","url":"https:\/\/www.association-auburtin.fr\/","logo":{"@type":"ImageObject","inLanguage":"fr-FR","@id":"https:\/\/www.association-auburtin.fr\/#\/schema\/logo\/image\/","url":"https:\/\/www.association-auburtin.fr\/wp-content\/uploads\/2021\/01\/logo-jfa-1.jpg","contentUrl":"https:\/\/www.association-auburtin.fr\/wp-content\/uploads\/2021\/01\/logo-jfa-1.jpg","width":904,"height":855,"caption":"Association Auburtin"},"image":{"@id":"https:\/\/www.association-auburtin.fr\/#\/schema\/logo\/image\/"}}]}},"_links":{"self":[{"href":"https:\/\/www.association-auburtin.fr\/index.php\/wp-json\/wp\/v2\/pages\/1070"}],"collection":[{"href":"https:\/\/www.association-auburtin.fr\/index.php\/wp-json\/wp\/v2\/pages"}],"about":[{"href":"https:\/\/www.association-auburtin.fr\/index.php\/wp-json\/wp\/v2\/types\/page"}],"author":[{"embeddable":true,"href":"https:\/\/www.association-auburtin.fr\/index.php\/wp-json\/wp\/v2\/users\/1"}],"replies":[{"embeddable":true,"href":"https:\/\/www.association-auburtin.fr\/index.php\/wp-json\/wp\/v2\/comments?post=1070"}],"version-history":[{"count":26,"href":"https:\/\/www.association-auburtin.fr\/index.php\/wp-json\/wp\/v2\/pages\/1070\/revisions"}],"predecessor-version":[{"id":2681,"href":"https:\/\/www.association-auburtin.fr\/index.php\/wp-json\/wp\/v2\/pages\/1070\/revisions\/2681"}],"up":[{"embeddable":true,"href":"https:\/\/www.association-auburtin.fr\/index.php\/wp-json\/wp\/v2\/pages\/1050"}],"wp:attachment":[{"href":"https:\/\/www.association-auburtin.fr\/index.php\/wp-json\/wp\/v2\/media?parent=1070"}],"curies":[{"name":"wp","href":"https:\/\/api.w.org\/{rel}","templated":true}]}}

<div class="wp-block-columns is-layout-flex wp-container-core-columns-is-layout-1 wp-block-columns-is-layout-flex">
<div class="wp-block-column is-layout-flow wp-block-column-is-layout-flow" style="flex-basis:4%">
<div class="wp-block-buttons is-horizontal is-content-justification-center is-layout-flex wp-container-core-buttons-is-layout-1 wp-block-buttons-is-layout-flex">
<div class="wp-block-button"><a class="wp-block-button__link wp-element-button" href="https://www.association-auburtin.fr/index.php/accueil/bibliographie/bibliographie-1/">&lt;</a></div>
</div>
</div>



<div class="wp-block-column is-layout-flow wp-block-column-is-layout-flow" style="flex-basis:92%">
<p>Expositions, galeries, catalogues</p>



<ul class="wp-block-list">
<li>2009 Annecy : « Avec vue sur lac » (collectif), JF.Auburtin. Exposition Annecy château-musée</li>



<li>2010 Hyères : « Auburtin face à la mer », Catalogue par François Carrassan et Annick Le Ciclé. Exposition musée de la ville d’Hyères</li>



<li>2010 Martigues : « Ecume et rivages » sous la direction de Lucienne del Furia. Exposition musée Ziem</li>



<li>2011 Vannes : « Rivages ». Exposition vente galerie Doyen</li>



<li>2012 St Briac sur mer : « JF.Auburtin, le temps suspendu ». Catalogue par Patricia Plaud-Dilhuit. Exposition musée Couvent de la Sagesse</li>



<li>2012 Morlaix : « Le Japonisme de JF.Auburtin ». Catalogue par Cyrielle Durox et Beatrice Rioux. Exposition musée des Jacobins</li>



<li>2013 Aix les Bains : « Reflets de lacs ». Catalogue par André Liatard. Exposition musée Faure</li>



<li>2016 Rouen : Le temps des collections « Un rêve d&rsquo;Arcadie par JF Auburtin ». Exposition musée des Beaux-Arts de Rouen</li>



<li>2018 Lamballe : « Vues sur mer », JF.Auburtin et Mathurin Meheut. Catalogue sous la direction de D-M Boëll et J Duroc. Exposition musée Mathurin Meheut</li>



<li>2018-2019 Aix les Bains : « Pas de deux, Auburtin, Rodin et la danse ». Catalogue sous la direction de Delphine Miege. Exposition musée Faure</li>



<li>2019 Giverny : « Monet-Auburtin : Une rencontre artistique ». Catalogue sous la direction de Géraldine Lefebvre. Exposition musée des impressionnismes Giverny</li>
</ul>
</div>



<div class="wp-block-column is-layout-flow wp-block-column-is-layout-flow" style="flex-basis:4%">
<div class="wp-block-buttons is-horizontal is-content-justification-center is-layout-flex wp-container-core-buttons-is-layout-2 wp-block-buttons-is-layout-flex">
<div class="wp-block-button"><a class="wp-block-button__link wp-element-button" href="https://www.association-auburtin.fr/index.php/accueil/bibliographie/bibliographie-3/">&gt;</a></div>
</div>
</div>
</div>

<!-- This site is optimized with the Yoast SEO plugin v23.6 - https://yoast.com/wordpress/plugins/seo/ -->
<title>Bibliographie 2 - Association Auburtin</title>
<meta name="robots" content="index, follow, max-snippet:-1, max-image-preview:large, max-video-preview:-1" />
<link rel="canonical" href="https://www.association-auburtin.fr/index.php/accueil/bibliographie/bibliographie-2/" />
<meta property="og:locale" content="fr_FR" />
<meta property="og:type" content="article" />
<meta property="og:title" content="Bibliographie 2 - Association Auburtin" />
<meta property="og:description" content="Expositions, galeries, catalogues" />
<meta property="og:url" content="https://www.association-auburtin.fr/index.php/accueil/bibliographie/bibliographie-2/" />
<meta property="og:site_name" content="Association Auburtin" />
<meta property="article:modified_time" content="2024-02-05T10:34:58+00:00" />
<meta name="twitter:card" content="summary_large_image" />
<meta name="twitter:label1" content="Durée de lecture estimée" />
	<meta name="twitter:data1" content="1 minute" />
<script type="application/ld+json" class="yoast-schema-graph">{"@context":"https://schema.org","@graph":[{"@type":"WebPage","@id":"https://www.association-auburtin.fr/index.php/accueil/bibliographie/bibliographie-2/","url":"https://www.association-auburtin.fr/index.php/accueil/bibliographie/bibliographie-2/","name":"Bibliographie 2 - Association Auburtin","isPartOf":{"@id":"https://www.association-auburtin.fr/#website"},"datePublished":"2021-02-24T17:12:53+00:00","dateModified":"2024-02-05T10:34:58+00:00","breadcrumb":{"@id":"https://www.association-auburtin.fr/index.php/accueil/bibliographie/bibliographie-2/#breadcrumb"},"inLanguage":"fr-FR","potentialAction":[{"@type":"ReadAction","target":["https://www.association-auburtin.fr/index.php/accueil/bibliographie/bibliographie-2/"]}]},{"@type":"BreadcrumbList","@id":"https://www.association-auburtin.fr/index.php/accueil/bibliographie/bibliographie-2/#breadcrumb","itemListElement":[{"@type":"ListItem","position":1,"name":"Accueil","item":"https://www.association-auburtin.fr/"},{"@type":"ListItem","position":2,"name":"Jean Francis Auburtin (artiste peintre 1866 &#8211; 1930)","item":"https://www.association-auburtin.fr/"},{"@type":"ListItem","position":3,"name":"Bibliographie","item":"https://www.association-auburtin.fr/index.php/accueil/bibliographie/"},{"@type":"ListItem","position":4,"name":"Bibliographie 2"}]},{"@type":"WebSite","@id":"https://www.association-auburtin.fr/#website","url":"https://www.association-auburtin.fr/","name":"Association Auburtin","description":"Les Amis et les Descendants de Jean Francis AUBURTIN","publisher":{"@id":"https://www.association-auburtin.fr/#organization"},"potentialAction":[{"@type":"SearchAction","target":{"@type":"EntryPoint","urlTemplate":"https://www.association-auburtin.fr/?s={search_term_string}"},"query-input":{"@type":"PropertyValueSpecification","valueRequired":true,"valueName":"search_term_string"}}],"inLanguage":"fr-FR"},{"@type":"Organization","@id":"https://www.association-auburtin.fr/#organization","name":"Association Auburtin","url":"https://www.association-auburtin.fr/","logo":{"@type":"ImageObject","inLanguage":"fr-FR","@id":"https://www.association-auburtin.fr/#/schema/logo/image/","url":"https://www.association-auburtin.fr/wp-content/uploads/2021/01/logo-jfa-1.jpg","contentUrl":"https://www.association-auburtin.fr/wp-content/uploads/2021/01/logo-jfa-1.jpg","width":904,"height":855,"caption":"Association Auburtin"},"image":{"@id":"https://www.association-auburtin.fr/#/schema/logo/image/"}}]}</script>
<!-- / Yoast SEO plugin. -->
