{"id":1066,"date":"2021-02-24T17:44:10","date_gmt":"2021-02-24T16:44:10","guid":{"rendered":"https:\/\/www.association-auburtin.fr\/?page_id=1066"},"modified":"2024-02-05T11:31:34","modified_gmt":"2024-02-05T10:31:34","slug":"bibliographie-1","status":"publish","type":"page","link":"https:\/\/www.association-auburtin.fr\/index.php\/accueil\/bibliographie\/bibliographie-1\/","title":{"rendered":"Bibliographie 1"},"content":{"rendered":"\n<div class=\"wp-block-columns is-layout-flex wp-container-core-columns-is-layout-1 wp-block-columns-is-layout-flex\">\n<div class=\"wp-block-column is-layout-flow wp-block-column-is-layout-flow\" style=\"flex-basis:7%\">\n<div class=\"wp-block-buttons is-horizontal is-content-justification-center is-layout-flex wp-container-core-buttons-is-layout-1 wp-block-buttons-is-layout-flex\">\n<div class=\"wp-block-button\"><a class=\"wp-block-button__link wp-element-button\" href=\"https:\/\/www.association-auburtin.fr\/index.php\/accueil\/bibliographie\/\">&lt;<\/a><\/div>\n<\/div>\n<\/div>\n\n\n\n<div class=\"wp-block-column is-layout-flow wp-block-column-is-layout-flow\" style=\"flex-basis:84%\">\n<p>Expositions, galeries, catalogues<\/p>\n\n\n\n<ul class=\"wp-block-list\">\n<li>1990 Paris : \u00ab\u00a0Jean Francis Auburtin, le symbolisme de la mer\u00a0\u00bb par Christian Briend, Edt D\u00e9l\u00e9gation \u00e0 l&rsquo;action artistique de Paris. Exposition itin\u00e9rante Paris Mairies des 3\u00e8me, 9\u00e8me, 14\u00e8me arrondissement<\/li>\n\n\n\n<li>1990 Morlaix : \u00ab\u00a0Francis Auburtin, le symbolisme de la mer\u00a0\u00bb. Exposition au Mus\u00e9e des Jacobins de Morlaix<\/li>\n\n\n\n<li>1990 Paris : \u00ab\u00a0Le Train Bleu\u00a0\u00bb (Collectif), Edt Presse Lois Unis Service<\/li>\n\n\n\n<li>1991 : \u00ab\u00a0Belle-\u00cele en Art\u00a0\u00bb Henri Belb\u00e9oc&rsquo;h et Florence Clifford, H. Belloc&rsquo;h 1991<\/li>\n\n\n\n<li>1992 : \u00ab\u00a0Peintre de paysage marin\u00a0\u00bb Jean Francis Auburtin par Francine Quentin, Edt du Chasse Mar\u00e9e &#8211; Ar Men n\u00b041 F\u00e9v 1992<\/li>\n\n\n\n<li>2004 Pont-Aven : \u00ab\u00a0Jean Francis Auburtin\u00a0\u00bb Catalogue de l&rsquo;exposition de Pont-Aven par Catherine Puget, Edt du Mus\u00e9e de Pont-Aven <\/li>\n\n\n\n<li>2004-2005 Paris &#8211; USA : \u00ab\u00a0Dieux et mortels\u00a0\u00bb. Exposition collective organis\u00e9e par \u00c9cole nationale sup\u00e9rieure des Beaux-Arts du 21 septembre au 28 novembre 2004 et aux USA \u00e0 l&rsquo;automne et l&rsquo;hiver 2005, Dalesh Museum of Art \u00e0 New-York et au Princeton University Art Museum, New Jersey<\/li>\n\n\n\n<li>2005 La Roche Jagu : \u00ab\u00a0Au fil du Trieux\u00a0\u00bb (Collectif). Catalogue de l&rsquo;exposition, paysages de Pontrieux \u00e0 Br\u00e9hat, La Roche Jagu<\/li>\n\n\n\n<li>2006 le Havre : \u00ab\u00a0les Variations normandes\u00a0\u00bb Jean-Francis Auburtin. Catalogue par Jean-Pierre M\u00e9lot, G\u00e9raldine Lefebvre, Edt Somogy, Paris, Oct 2006-ISBN. Exposition mus\u00e9e Malraux au Havre<\/li>\n\n\n\n<li>2006 Brest : \u00ab\u00a0Les peintres du r\u00eave en Bretagne\u00a0\u00bb (Collectif). Exposition mus\u00e9e des beaux-arts de Brest du 27 octobre au 31 janvier 2007<\/li>\n<\/ul>\n<\/div>\n\n\n\n<div class=\"wp-block-column is-layout-flow wp-block-column-is-layout-flow\" style=\"flex-basis:7%\">\n<div class=\"wp-block-buttons is-horizontal is-content-justification-center is-layout-flex wp-container-core-buttons-is-layout-2 wp-block-buttons-is-layout-flex\">\n<div class=\"wp-block-button\"><a class=\"wp-block-button__link wp-element-button\" href=\"https:\/\/www.association-auburtin.fr\/index.php\/accueil\/bibliographie\/bibliographie-2\/\">&gt;<\/a><\/div>\n<\/div>\n<\/div>\n<\/div>\n","protected":false},"excerpt":{"rendered":"<p>Expositions, galeries, catalogues<\/p>\n","protected":false},"author":1,"featured_media":0,"parent":1050,"menu_order":1,"comment_status":"closed","ping_status":"closed","template":"","meta":{"footnotes":""},"class_list":["post-1066","page","type-page","status-publish","hentry"],"blocksy_meta":{"styles_descriptor":{"styles":{"desktop":"","tablet":"","mobile":""},"google_fonts":[],"version":6}},"yoast_head":"<!-- This site is optimized with the Yoast SEO plugin v23.6 - https:\/\/yoast.com\/wordpress\/plugins\/seo\/ -->\n<title>Bibliographie 1 - Association Auburtin<\/title>\n<meta name=\"robots\" content=\"index, follow, max-snippet:-1, max-image-preview:large, max-video-preview:-1\" \/>\n<link rel=\"canonical\" href=\"https:\/\/www.association-auburtin.fr\/index.php\/accueil\/bibliographie\/bibliographie-1\/\" \/>\n<meta property=\"og:locale\" content=\"fr_FR\" \/>\n<meta property=\"og:type\" content=\"article\" \/>\n<meta property=\"og:title\" content=\"Bibliographie 1 - Association Auburtin\" \/>\n<meta property=\"og:description\" content=\"Expositions, galeries, catalogues\" \/>\n<meta property=\"og:url\" content=\"https:\/\/www.association-auburtin.fr\/index.php\/accueil\/bibliographie\/bibliographie-1\/\" \/>\n<meta property=\"og:site_name\" content=\"Association Auburtin\" \/>\n<meta property=\"article:modified_time\" content=\"2024-02-05T10:31:34+00:00\" \/>\n<meta name=\"twitter:card\" content=\"summary_large_image\" \/>\n<meta name=\"twitter:label1\" content=\"Dur\u00e9e de lecture estim\u00e9e\" \/>\n\t<meta name=\"twitter:data1\" content=\"2 minutes\" \/>\n<script type=\"application\/ld+json\" class=\"yoast-schema-graph\">{\"@context\":\"https:\/\/schema.org\",\"@graph\":[{\"@type\":\"WebPage\",\"@id\":\"https:\/\/www.association-auburtin.fr\/index.php\/accueil\/bibliographie\/bibliographie-1\/\",\"url\":\"https:\/\/www.association-auburtin.fr\/index.php\/accueil\/bibliographie\/bibliographie-1\/\",\"name\":\"Bibliographie 1 - Association Auburtin\",\"isPartOf\":{\"@id\":\"https:\/\/www.association-auburtin.fr\/#website\"},\"datePublished\":\"2021-02-24T16:44:10+00:00\",\"dateModified\":\"2024-02-05T10:31:34+00:00\",\"breadcrumb\":{\"@id\":\"https:\/\/www.association-auburtin.fr\/index.php\/accueil\/bibliographie\/bibliographie-1\/#breadcrumb\"},\"inLanguage\":\"fr-FR\",\"potentialAction\":[{\"@type\":\"ReadAction\",\"target\":[\"https:\/\/www.association-auburtin.fr\/index.php\/accueil\/bibliographie\/bibliographie-1\/\"]}]},{\"@type\":\"BreadcrumbList\",\"@id\":\"https:\/\/www.association-auburtin.fr\/index.php\/accueil\/bibliographie\/bibliographie-1\/#breadcrumb\",\"itemListElement\":[{\"@type\":\"ListItem\",\"position\":1,\"name\":\"Accueil\",\"item\":\"https:\/\/www.association-auburtin.fr\/\"},{\"@type\":\"ListItem\",\"position\":2,\"name\":\"Jean Francis Auburtin (artiste peintre 1866 &#8211; 1930)\",\"item\":\"https:\/\/www.association-auburtin.fr\/\"},{\"@type\":\"ListItem\",\"position\":3,\"name\":\"Bibliographie\",\"item\":\"https:\/\/www.association-auburtin.fr\/index.php\/accueil\/bibliographie\/\"},{\"@type\":\"ListItem\",\"position\":4,\"name\":\"Bibliographie 1\"}]},{\"@type\":\"WebSite\",\"@id\":\"https:\/\/www.association-auburtin.fr\/#website\",\"url\":\"https:\/\/www.association-auburtin.fr\/\",\"name\":\"Association Auburtin\",\"description\":\"Les Amis et les Descendants de Jean Francis AUBURTIN\",\"publisher\":{\"@id\":\"https:\/\/www.association-auburtin.fr\/#organization\"},\"potentialAction\":[{\"@type\":\"SearchAction\",\"target\":{\"@type\":\"EntryPoint\",\"urlTemplate\":\"https:\/\/www.association-auburtin.fr\/?s={search_term_string}\"},\"query-input\":{\"@type\":\"PropertyValueSpecification\",\"valueRequired\":true,\"valueName\":\"search_term_string\"}}],\"inLanguage\":\"fr-FR\"},{\"@type\":\"Organization\",\"@id\":\"https:\/\/www.association-auburtin.fr\/#organization\",\"name\":\"Association Auburtin\",\"url\":\"https:\/\/www.association-auburtin.fr\/\",\"logo\":{\"@type\":\"ImageObject\",\"inLanguage\":\"fr-FR\",\"@id\":\"https:\/\/www.association-auburtin.fr\/#\/schema\/logo\/image\/\",\"url\":\"https:\/\/www.association-auburtin.fr\/wp-content\/uploads\/2021\/01\/logo-jfa-1.jpg\",\"contentUrl\":\"https:\/\/www.association-auburtin.fr\/wp-content\/uploads\/2021\/01\/logo-jfa-1.jpg\",\"width\":904,\"height\":855,\"caption\":\"Association Auburtin\"},\"image\":{\"@id\":\"https:\/\/www.association-auburtin.fr\/#\/schema\/logo\/image\/\"}}]}<\/script>\n<!-- \/ Yoast SEO plugin. -->","yoast_head_json":{"title":"Bibliographie 1 - Association Auburtin","robots":{"index":"index","follow":"follow","max-snippet":"max-snippet:-1","max-image-preview":"max-image-preview:large","max-video-preview":"max-video-preview:-1"},"canonical":"https:\/\/www.association-auburtin.fr\/index.php\/accueil\/bibliographie\/bibliographie-1\/","og_locale":"fr_FR","og_type":"article","og_title":"Bibliographie 1 - Association Auburtin","og_description":"Expositions, galeries, catalogues","og_url":"https:\/\/www.association-auburtin.fr\/index.php\/accueil\/bibliographie\/bibliographie-1\/","og_site_name":"Association Auburtin","article_modified_time":"2024-02-05T10:31:34+00:00","twitter_card":"summary_large_image","twitter_misc":{"Dur\u00e9e de lecture estim\u00e9e":"2 minutes"},"schema":{"@context":"https:\/\/schema.org","@graph":[{"@type":"WebPage","@id":"https:\/\/www.association-auburtin.fr\/index.php\/accueil\/bibliographie\/bibliographie-1\/","url":"https:\/\/www.association-auburtin.fr\/index.php\/accueil\/bibliographie\/bibliographie-1\/","name":"Bibliographie 1 - Association Auburtin","isPartOf":{"@id":"https:\/\/www.association-auburtin.fr\/#website"},"datePublished":"2021-02-24T16:44:10+00:00","dateModified":"2024-02-05T10:31:34+00:00","breadcrumb":{"@id":"https:\/\/www.association-auburtin.fr\/index.php\/accueil\/bibliographie\/bibliographie-1\/#breadcrumb"},"inLanguage":"fr-FR","potentialAction":[{"@type":"ReadAction","target":["https:\/\/www.association-auburtin.fr\/index.php\/accueil\/bibliographie\/bibliographie-1\/"]}]},{"@type":"BreadcrumbList","@id":"https:\/\/www.association-auburtin.fr\/index.php\/accueil\/bibliographie\/bibliographie-1\/#breadcrumb","itemListElement":[{"@type":"ListItem","position":1,"name":"Accueil","item":"https:\/\/www.association-auburtin.fr\/"},{"@type":"ListItem","position":2,"name":"Jean Francis Auburtin (artiste peintre 1866 &#8211; 1930)","item":"https:\/\/www.association-auburtin.fr\/"},{"@type":"ListItem","position":3,"name":"Bibliographie","item":"https:\/\/www.association-auburtin.fr\/index.php\/accueil\/bibliographie\/"},{"@type":"ListItem","position":4,"name":"Bibliographie 1"}]},{"@type":"WebSite","@id":"https:\/\/www.association-auburtin.fr\/#website","url":"https:\/\/www.association-auburtin.fr\/","name":"Association Auburtin","description":"Les Amis et les Descendants de Jean Francis AUBURTIN","publisher":{"@id":"https:\/\/www.association-auburtin.fr\/#organization"},"potentialAction":[{"@type":"SearchAction","target":{"@type":"EntryPoint","urlTemplate":"https:\/\/www.association-auburtin.fr\/?s={search_term_string}"},"query-input":{"@type":"PropertyValueSpecification","valueRequired":true,"valueName":"search_term_string"}}],"inLanguage":"fr-FR"},{"@type":"Organization","@id":"https:\/\/www.association-auburtin.fr\/#organization","name":"Association Auburtin","url":"https:\/\/www.association-auburtin.fr\/","logo":{"@type":"ImageObject","inLanguage":"fr-FR","@id":"https:\/\/www.association-auburtin.fr\/#\/schema\/logo\/image\/","url":"https:\/\/www.association-auburtin.fr\/wp-content\/uploads\/2021\/01\/logo-jfa-1.jpg","contentUrl":"https:\/\/www.association-auburtin.fr\/wp-content\/uploads\/2021\/01\/logo-jfa-1.jpg","width":904,"height":855,"caption":"Association Auburtin"},"image":{"@id":"https:\/\/www.association-auburtin.fr\/#\/schema\/logo\/image\/"}}]}},"_links":{"self":[{"href":"https:\/\/www.association-auburtin.fr\/index.php\/wp-json\/wp\/v2\/pages\/1066"}],"collection":[{"href":"https:\/\/www.association-auburtin.fr\/index.php\/wp-json\/wp\/v2\/pages"}],"about":[{"href":"https:\/\/www.association-auburtin.fr\/index.php\/wp-json\/wp\/v2\/types\/page"}],"author":[{"embeddable":true,"href":"https:\/\/www.association-auburtin.fr\/index.php\/wp-json\/wp\/v2\/users\/1"}],"replies":[{"embeddable":true,"href":"https:\/\/www.association-auburtin.fr\/index.php\/wp-json\/wp\/v2\/comments?post=1066"}],"version-history":[{"count":26,"href":"https:\/\/www.association-auburtin.fr\/index.php\/wp-json\/wp\/v2\/pages\/1066\/revisions"}],"predecessor-version":[{"id":2679,"href":"https:\/\/www.association-auburtin.fr\/index.php\/wp-json\/wp\/v2\/pages\/1066\/revisions\/2679"}],"up":[{"embeddable":true,"href":"https:\/\/www.association-auburtin.fr\/index.php\/wp-json\/wp\/v2\/pages\/1050"}],"wp:attachment":[{"href":"https:\/\/www.association-auburtin.fr\/index.php\/wp-json\/wp\/v2\/media?parent=1066"}],"curies":[{"name":"wp","href":"https:\/\/api.w.org\/{rel}","templated":true}]}}

<div class="wp-block-columns is-layout-flex wp-container-core-columns-is-layout-1 wp-block-columns-is-layout-flex">
<div class="wp-block-column is-layout-flow wp-block-column-is-layout-flow" style="flex-basis:7%">
<div class="wp-block-buttons is-horizontal is-content-justification-center is-layout-flex wp-container-core-buttons-is-layout-1 wp-block-buttons-is-layout-flex">
<div class="wp-block-button"><a class="wp-block-button__link wp-element-button" href="https://www.association-auburtin.fr/index.php/accueil/bibliographie/">&lt;</a></div>
</div>
</div>



<div class="wp-block-column is-layout-flow wp-block-column-is-layout-flow" style="flex-basis:84%">
<p>Expositions, galeries, catalogues</p>



<ul class="wp-block-list">
<li>1990 Paris : « Jean Francis Auburtin, le symbolisme de la mer » par Christian Briend, Edt Délégation à l&rsquo;action artistique de Paris. Exposition itinérante Paris Mairies des 3ème, 9ème, 14ème arrondissement</li>



<li>1990 Morlaix : « Francis Auburtin, le symbolisme de la mer ». Exposition au Musée des Jacobins de Morlaix</li>



<li>1990 Paris : « Le Train Bleu » (Collectif), Edt Presse Lois Unis Service</li>



<li>1991 : « Belle-Île en Art » Henri Belbéoc&rsquo;h et Florence Clifford, H. Belloc&rsquo;h 1991</li>



<li>1992 : « Peintre de paysage marin » Jean Francis Auburtin par Francine Quentin, Edt du Chasse Marée &#8211; Ar Men n°41 Fév 1992</li>



<li>2004 Pont-Aven : « Jean Francis Auburtin » Catalogue de l&rsquo;exposition de Pont-Aven par Catherine Puget, Edt du Musée de Pont-Aven </li>



<li>2004-2005 Paris &#8211; USA : « Dieux et mortels ». Exposition collective organisée par École nationale supérieure des Beaux-Arts du 21 septembre au 28 novembre 2004 et aux USA à l&rsquo;automne et l&rsquo;hiver 2005, Dalesh Museum of Art à New-York et au Princeton University Art Museum, New Jersey</li>



<li>2005 La Roche Jagu : « Au fil du Trieux » (Collectif). Catalogue de l&rsquo;exposition, paysages de Pontrieux à Bréhat, La Roche Jagu</li>



<li>2006 le Havre : « les Variations normandes » Jean-Francis Auburtin. Catalogue par Jean-Pierre Mélot, Géraldine Lefebvre, Edt Somogy, Paris, Oct 2006-ISBN. Exposition musée Malraux au Havre</li>



<li>2006 Brest : « Les peintres du rêve en Bretagne » (Collectif). Exposition musée des beaux-arts de Brest du 27 octobre au 31 janvier 2007</li>
</ul>
</div>



<div class="wp-block-column is-layout-flow wp-block-column-is-layout-flow" style="flex-basis:7%">
<div class="wp-block-buttons is-horizontal is-content-justification-center is-layout-flex wp-container-core-buttons-is-layout-2 wp-block-buttons-is-layout-flex">
<div class="wp-block-button"><a class="wp-block-button__link wp-element-button" href="https://www.association-auburtin.fr/index.php/accueil/bibliographie/bibliographie-2/">&gt;</a></div>
</div>
</div>
</div>

<!-- This site is optimized with the Yoast SEO plugin v23.6 - https://yoast.com/wordpress/plugins/seo/ -->
<title>Bibliographie 1 - Association Auburtin</title>
<meta name="robots" content="index, follow, max-snippet:-1, max-image-preview:large, max-video-preview:-1" />
<link rel="canonical" href="https://www.association-auburtin.fr/index.php/accueil/bibliographie/bibliographie-1/" />
<meta property="og:locale" content="fr_FR" />
<meta property="og:type" content="article" />
<meta property="og:title" content="Bibliographie 1 - Association Auburtin" />
<meta property="og:description" content="Expositions, galeries, catalogues" />
<meta property="og:url" content="https://www.association-auburtin.fr/index.php/accueil/bibliographie/bibliographie-1/" />
<meta property="og:site_name" content="Association Auburtin" />
<meta property="article:modified_time" content="2024-02-05T10:31:34+00:00" />
<meta name="twitter:card" content="summary_large_image" />
<meta name="twitter:label1" content="Durée de lecture estimée" />
	<meta name="twitter:data1" content="2 minutes" />
<script type="application/ld+json" class="yoast-schema-graph">{"@context":"https://schema.org","@graph":[{"@type":"WebPage","@id":"https://www.association-auburtin.fr/index.php/accueil/bibliographie/bibliographie-1/","url":"https://www.association-auburtin.fr/index.php/accueil/bibliographie/bibliographie-1/","name":"Bibliographie 1 - Association Auburtin","isPartOf":{"@id":"https://www.association-auburtin.fr/#website"},"datePublished":"2021-02-24T16:44:10+00:00","dateModified":"2024-02-05T10:31:34+00:00","breadcrumb":{"@id":"https://www.association-auburtin.fr/index.php/accueil/bibliographie/bibliographie-1/#breadcrumb"},"inLanguage":"fr-FR","potentialAction":[{"@type":"ReadAction","target":["https://www.association-auburtin.fr/index.php/accueil/bibliographie/bibliographie-1/"]}]},{"@type":"BreadcrumbList","@id":"https://www.association-auburtin.fr/index.php/accueil/bibliographie/bibliographie-1/#breadcrumb","itemListElement":[{"@type":"ListItem","position":1,"name":"Accueil","item":"https://www.association-auburtin.fr/"},{"@type":"ListItem","position":2,"name":"Jean Francis Auburtin (artiste peintre 1866 &#8211; 1930)","item":"https://www.association-auburtin.fr/"},{"@type":"ListItem","position":3,"name":"Bibliographie","item":"https://www.association-auburtin.fr/index.php/accueil/bibliographie/"},{"@type":"ListItem","position":4,"name":"Bibliographie 1"}]},{"@type":"WebSite","@id":"https://www.association-auburtin.fr/#website","url":"https://www.association-auburtin.fr/","name":"Association Auburtin","description":"Les Amis et les Descendants de Jean Francis AUBURTIN","publisher":{"@id":"https://www.association-auburtin.fr/#organization"},"potentialAction":[{"@type":"SearchAction","target":{"@type":"EntryPoint","urlTemplate":"https://www.association-auburtin.fr/?s={search_term_string}"},"query-input":{"@type":"PropertyValueSpecification","valueRequired":true,"valueName":"search_term_string"}}],"inLanguage":"fr-FR"},{"@type":"Organization","@id":"https://www.association-auburtin.fr/#organization","name":"Association Auburtin","url":"https://www.association-auburtin.fr/","logo":{"@type":"ImageObject","inLanguage":"fr-FR","@id":"https://www.association-auburtin.fr/#/schema/logo/image/","url":"https://www.association-auburtin.fr/wp-content/uploads/2021/01/logo-jfa-1.jpg","contentUrl":"https://www.association-auburtin.fr/wp-content/uploads/2021/01/logo-jfa-1.jpg","width":904,"height":855,"caption":"Association Auburtin"},"image":{"@id":"https://www.association-auburtin.fr/#/schema/logo/image/"}}]}</script>
<!-- / Yoast SEO plugin. -->
