{"id":1043,"date":"2021-02-20T10:55:01","date_gmt":"2021-02-20T09:55:01","guid":{"rendered":"https:\/\/www.association-auburtin.fr\/?page_id=1043"},"modified":"2024-02-05T13:55:27","modified_gmt":"2024-02-05T12:55:27","slug":"association-2","status":"publish","type":"page","link":"https:\/\/www.association-auburtin.fr\/index.php\/accueil\/l-association\/association-2\/","title":{"rendered":"L&rsquo;association 2"},"content":{"rendered":"\n<div class=\"wp-block-columns is-layout-flex wp-container-core-columns-is-layout-1 wp-block-columns-is-layout-flex\">\n<div class=\"wp-block-column is-vertically-aligned-top is-layout-flow wp-block-column-is-layout-flow\" style=\"flex-basis:4%\">\n<div class=\"wp-block-buttons is-horizontal is-content-justification-center is-layout-flex wp-container-core-buttons-is-layout-1 wp-block-buttons-is-layout-flex\">\n<div class=\"wp-block-button\"><a class=\"wp-block-button__link wp-element-button\" href=\"https:\/\/www.association-auburtin.fr\/index.php\/accueil\/l-association\/association-1\">&lt;<\/a><\/div>\n<\/div>\n<\/div>\n\n\n\n<div class=\"wp-block-column is-vertically-aligned-top is-layout-flow wp-block-column-is-layout-flow\" style=\"flex-basis:92%\">\n<p><\/p>\n\n\n\n<p class=\"has-text-align-left\">L&rsquo;association tient \u00e9galement ses adh\u00e9rents au courant des ventes aux ench\u00e8res, des expositions pass\u00e9es et \u00e0 venir ainsi que de l&rsquo;actualit\u00e9 artistique concernant J.F.Auburtin. Pour l&rsquo;authentification de ses \u0153uvres, elle est reconnue comp\u00e9tente pour donner un avis autoris\u00e9.<\/p>\n\n\n\n<p class=\"has-text-align-left\">L\u2019association vous remercie pour votre contribution et serait ravie et honor\u00e9e de vous accueillir comme membre. Il suffit pour cela d\u2019adresser votre bulletin d\u2019adh\u00e9sion au si\u00e8ge de l\u2019association ou \u00e0 notre tr\u00e9sori\u00e8re.<\/p>\n\n\n\n<div class=\"wp-block-file alignright\"><a id=\"wp-block-file--media-970700de-da9b-40a1-91f1-94b67d23ec32\" href=\"https:\/\/www.association-auburtin.fr\/wp-content\/uploads\/2024\/02\/bulletin-d-adhesion-2024.pdf\" target=\"_blank\" rel=\"noreferrer noopener\">bulletin-d-adhesion-2024<\/a><\/div>\n\n\n\n<p><br>Adresse de l\u2019association : Mairie de Nantiat<br>14 rue de l\u2019h\u00f4tel de ville, 87140 Nantiat<br>Email : <a href=\"mailto:ass.jf.auburtin@orange.fr\" data-type=\"mailto\" data-id=\"mailto:ass.jf.auburtin@orange.fr\">ass.jf.auburtin@orange.fr<\/a><\/p>\n\n\n\n<p class=\"has-text-align-left\"><br>La pr\u00e9sidente : Mme Annick Le Cicl\u00e9                                                                                                                                    <\/p>\n\n\n\n<p>La tr\u00e9sori\u00e8re : Mme Olivia Droz<br>Email : <a href=\"mailto:olivia.droz@gmail.com\" data-type=\"mailto\" data-id=\"mailto:olivia.droz@gmail.com\">olivia.droz@gmail.com<\/a><\/p>\n\n\n\n<p class=\"has-text-align-left\">Association dont les statuts ont \u00e9t\u00e9 d\u00e9pos\u00e9s le 25\/01\/2005 en sous-pr\u00e9fecture de Bellac 87300<\/p>\n<\/div>\n\n\n\n<div class=\"wp-block-column is-vertically-aligned-top is-layout-flow wp-block-column-is-layout-flow\" style=\"flex-basis:4%\">\n<div class=\"wp-block-buttons is-horizontal is-content-justification-center is-layout-flex wp-container-core-buttons-is-layout-2 wp-block-buttons-is-layout-flex\">\n<div class=\"wp-block-button\"><a class=\"wp-block-button__link wp-element-button\" href=\"https:\/\/www.association-auburtin.fr\/index.php\/accueil\/l-association\/association-3\">&gt;<\/a><\/div>\n<\/div>\n<\/div>\n<\/div>\n","protected":false},"excerpt":{"rendered":"<p>L&rsquo;association tient \u00e9galement ses adh\u00e9rents au courant des ventes aux ench\u00e8res, des expositions pass\u00e9es et \u00e0 venir ainsi que de l&rsquo;actualit\u00e9 artistique concernant J.F.Auburtin. Pour l&rsquo;authentification de ses \u0153uvres, elle est reconnue comp\u00e9tente pour donner un avis autoris\u00e9. L\u2019association vous remercie pour votre contribution et serait ravie et honor\u00e9e de vous accueillir comme membre. Il [&hellip;]<\/p>\n","protected":false},"author":1,"featured_media":0,"parent":20,"menu_order":2,"comment_status":"closed","ping_status":"closed","template":"","meta":{"footnotes":""},"class_list":["post-1043","page","type-page","status-publish","hentry"],"blocksy_meta":{"styles_descriptor":{"styles":{"desktop":"","tablet":"","mobile":""},"google_fonts":[],"version":6}},"yoast_head":"<!-- This site is optimized with the Yoast SEO plugin v23.6 - https:\/\/yoast.com\/wordpress\/plugins\/seo\/ -->\n<title>L&#039;association 2 - Association Auburtin<\/title>\n<meta name=\"robots\" content=\"index, follow, max-snippet:-1, max-image-preview:large, max-video-preview:-1\" \/>\n<link rel=\"canonical\" href=\"https:\/\/www.association-auburtin.fr\/index.php\/accueil\/l-association\/association-2\/\" \/>\n<meta property=\"og:locale\" content=\"fr_FR\" \/>\n<meta property=\"og:type\" content=\"article\" \/>\n<meta property=\"og:title\" content=\"L&#039;association 2 - Association Auburtin\" \/>\n<meta property=\"og:description\" content=\"L&rsquo;association tient \u00e9galement ses adh\u00e9rents au courant des ventes aux ench\u00e8res, des expositions pass\u00e9es et \u00e0 venir ainsi que de l&rsquo;actualit\u00e9 artistique concernant J.F.Auburtin. Pour l&rsquo;authentification de ses \u0153uvres, elle est reconnue comp\u00e9tente pour donner un avis autoris\u00e9. L\u2019association vous remercie pour votre contribution et serait ravie et honor\u00e9e de vous accueillir comme membre. Il [&hellip;]\" \/>\n<meta property=\"og:url\" content=\"https:\/\/www.association-auburtin.fr\/index.php\/accueil\/l-association\/association-2\/\" \/>\n<meta property=\"og:site_name\" content=\"Association Auburtin\" \/>\n<meta property=\"article:modified_time\" content=\"2024-02-05T12:55:27+00:00\" \/>\n<meta name=\"twitter:card\" content=\"summary_large_image\" \/>\n<meta name=\"twitter:label1\" content=\"Dur\u00e9e de lecture estim\u00e9e\" \/>\n\t<meta name=\"twitter:data1\" content=\"1 minute\" \/>\n<script type=\"application\/ld+json\" class=\"yoast-schema-graph\">{\"@context\":\"https:\/\/schema.org\",\"@graph\":[{\"@type\":\"WebPage\",\"@id\":\"https:\/\/www.association-auburtin.fr\/index.php\/accueil\/l-association\/association-2\/\",\"url\":\"https:\/\/www.association-auburtin.fr\/index.php\/accueil\/l-association\/association-2\/\",\"name\":\"L'association 2 - Association Auburtin\",\"isPartOf\":{\"@id\":\"https:\/\/www.association-auburtin.fr\/#website\"},\"datePublished\":\"2021-02-20T09:55:01+00:00\",\"dateModified\":\"2024-02-05T12:55:27+00:00\",\"breadcrumb\":{\"@id\":\"https:\/\/www.association-auburtin.fr\/index.php\/accueil\/l-association\/association-2\/#breadcrumb\"},\"inLanguage\":\"fr-FR\",\"potentialAction\":[{\"@type\":\"ReadAction\",\"target\":[\"https:\/\/www.association-auburtin.fr\/index.php\/accueil\/l-association\/association-2\/\"]}]},{\"@type\":\"BreadcrumbList\",\"@id\":\"https:\/\/www.association-auburtin.fr\/index.php\/accueil\/l-association\/association-2\/#breadcrumb\",\"itemListElement\":[{\"@type\":\"ListItem\",\"position\":1,\"name\":\"Accueil\",\"item\":\"https:\/\/www.association-auburtin.fr\/\"},{\"@type\":\"ListItem\",\"position\":2,\"name\":\"Jean Francis Auburtin (artiste peintre 1866 &#8211; 1930)\",\"item\":\"https:\/\/www.association-auburtin.fr\/\"},{\"@type\":\"ListItem\",\"position\":3,\"name\":\"L&rsquo;association\",\"item\":\"https:\/\/www.association-auburtin.fr\/index.php\/accueil\/l-association\/\"},{\"@type\":\"ListItem\",\"position\":4,\"name\":\"L&rsquo;association 2\"}]},{\"@type\":\"WebSite\",\"@id\":\"https:\/\/www.association-auburtin.fr\/#website\",\"url\":\"https:\/\/www.association-auburtin.fr\/\",\"name\":\"Association Auburtin\",\"description\":\"Les Amis et les Descendants de Jean Francis AUBURTIN\",\"publisher\":{\"@id\":\"https:\/\/www.association-auburtin.fr\/#organization\"},\"potentialAction\":[{\"@type\":\"SearchAction\",\"target\":{\"@type\":\"EntryPoint\",\"urlTemplate\":\"https:\/\/www.association-auburtin.fr\/?s={search_term_string}\"},\"query-input\":{\"@type\":\"PropertyValueSpecification\",\"valueRequired\":true,\"valueName\":\"search_term_string\"}}],\"inLanguage\":\"fr-FR\"},{\"@type\":\"Organization\",\"@id\":\"https:\/\/www.association-auburtin.fr\/#organization\",\"name\":\"Association Auburtin\",\"url\":\"https:\/\/www.association-auburtin.fr\/\",\"logo\":{\"@type\":\"ImageObject\",\"inLanguage\":\"fr-FR\",\"@id\":\"https:\/\/www.association-auburtin.fr\/#\/schema\/logo\/image\/\",\"url\":\"https:\/\/www.association-auburtin.fr\/wp-content\/uploads\/2021\/01\/logo-jfa-1.jpg\",\"contentUrl\":\"https:\/\/www.association-auburtin.fr\/wp-content\/uploads\/2021\/01\/logo-jfa-1.jpg\",\"width\":904,\"height\":855,\"caption\":\"Association Auburtin\"},\"image\":{\"@id\":\"https:\/\/www.association-auburtin.fr\/#\/schema\/logo\/image\/\"}}]}<\/script>\n<!-- \/ Yoast SEO plugin. -->","yoast_head_json":{"title":"L'association 2 - Association Auburtin","robots":{"index":"index","follow":"follow","max-snippet":"max-snippet:-1","max-image-preview":"max-image-preview:large","max-video-preview":"max-video-preview:-1"},"canonical":"https:\/\/www.association-auburtin.fr\/index.php\/accueil\/l-association\/association-2\/","og_locale":"fr_FR","og_type":"article","og_title":"L'association 2 - Association Auburtin","og_description":"L&rsquo;association tient \u00e9galement ses adh\u00e9rents au courant des ventes aux ench\u00e8res, des expositions pass\u00e9es et \u00e0 venir ainsi que de l&rsquo;actualit\u00e9 artistique concernant J.F.Auburtin. Pour l&rsquo;authentification de ses \u0153uvres, elle est reconnue comp\u00e9tente pour donner un avis autoris\u00e9. L\u2019association vous remercie pour votre contribution et serait ravie et honor\u00e9e de vous accueillir comme membre. Il [&hellip;]","og_url":"https:\/\/www.association-auburtin.fr\/index.php\/accueil\/l-association\/association-2\/","og_site_name":"Association Auburtin","article_modified_time":"2024-02-05T12:55:27+00:00","twitter_card":"summary_large_image","twitter_misc":{"Dur\u00e9e de lecture estim\u00e9e":"1 minute"},"schema":{"@context":"https:\/\/schema.org","@graph":[{"@type":"WebPage","@id":"https:\/\/www.association-auburtin.fr\/index.php\/accueil\/l-association\/association-2\/","url":"https:\/\/www.association-auburtin.fr\/index.php\/accueil\/l-association\/association-2\/","name":"L'association 2 - Association Auburtin","isPartOf":{"@id":"https:\/\/www.association-auburtin.fr\/#website"},"datePublished":"2021-02-20T09:55:01+00:00","dateModified":"2024-02-05T12:55:27+00:00","breadcrumb":{"@id":"https:\/\/www.association-auburtin.fr\/index.php\/accueil\/l-association\/association-2\/#breadcrumb"},"inLanguage":"fr-FR","potentialAction":[{"@type":"ReadAction","target":["https:\/\/www.association-auburtin.fr\/index.php\/accueil\/l-association\/association-2\/"]}]},{"@type":"BreadcrumbList","@id":"https:\/\/www.association-auburtin.fr\/index.php\/accueil\/l-association\/association-2\/#breadcrumb","itemListElement":[{"@type":"ListItem","position":1,"name":"Accueil","item":"https:\/\/www.association-auburtin.fr\/"},{"@type":"ListItem","position":2,"name":"Jean Francis Auburtin (artiste peintre 1866 &#8211; 1930)","item":"https:\/\/www.association-auburtin.fr\/"},{"@type":"ListItem","position":3,"name":"L&rsquo;association","item":"https:\/\/www.association-auburtin.fr\/index.php\/accueil\/l-association\/"},{"@type":"ListItem","position":4,"name":"L&rsquo;association 2"}]},{"@type":"WebSite","@id":"https:\/\/www.association-auburtin.fr\/#website","url":"https:\/\/www.association-auburtin.fr\/","name":"Association Auburtin","description":"Les Amis et les Descendants de Jean Francis AUBURTIN","publisher":{"@id":"https:\/\/www.association-auburtin.fr\/#organization"},"potentialAction":[{"@type":"SearchAction","target":{"@type":"EntryPoint","urlTemplate":"https:\/\/www.association-auburtin.fr\/?s={search_term_string}"},"query-input":{"@type":"PropertyValueSpecification","valueRequired":true,"valueName":"search_term_string"}}],"inLanguage":"fr-FR"},{"@type":"Organization","@id":"https:\/\/www.association-auburtin.fr\/#organization","name":"Association Auburtin","url":"https:\/\/www.association-auburtin.fr\/","logo":{"@type":"ImageObject","inLanguage":"fr-FR","@id":"https:\/\/www.association-auburtin.fr\/#\/schema\/logo\/image\/","url":"https:\/\/www.association-auburtin.fr\/wp-content\/uploads\/2021\/01\/logo-jfa-1.jpg","contentUrl":"https:\/\/www.association-auburtin.fr\/wp-content\/uploads\/2021\/01\/logo-jfa-1.jpg","width":904,"height":855,"caption":"Association Auburtin"},"image":{"@id":"https:\/\/www.association-auburtin.fr\/#\/schema\/logo\/image\/"}}]}},"_links":{"self":[{"href":"https:\/\/www.association-auburtin.fr\/index.php\/wp-json\/wp\/v2\/pages\/1043"}],"collection":[{"href":"https:\/\/www.association-auburtin.fr\/index.php\/wp-json\/wp\/v2\/pages"}],"about":[{"href":"https:\/\/www.association-auburtin.fr\/index.php\/wp-json\/wp\/v2\/types\/page"}],"author":[{"embeddable":true,"href":"https:\/\/www.association-auburtin.fr\/index.php\/wp-json\/wp\/v2\/users\/1"}],"replies":[{"embeddable":true,"href":"https:\/\/www.association-auburtin.fr\/index.php\/wp-json\/wp\/v2\/comments?post=1043"}],"version-history":[{"count":39,"href":"https:\/\/www.association-auburtin.fr\/index.php\/wp-json\/wp\/v2\/pages\/1043\/revisions"}],"predecessor-version":[{"id":2692,"href":"https:\/\/www.association-auburtin.fr\/index.php\/wp-json\/wp\/v2\/pages\/1043\/revisions\/2692"}],"up":[{"embeddable":true,"href":"https:\/\/www.association-auburtin.fr\/index.php\/wp-json\/wp\/v2\/pages\/20"}],"wp:attachment":[{"href":"https:\/\/www.association-auburtin.fr\/index.php\/wp-json\/wp\/v2\/media?parent=1043"}],"curies":[{"name":"wp","href":"https:\/\/api.w.org\/{rel}","templated":true}]}}

<div class="wp-block-columns is-layout-flex wp-container-core-columns-is-layout-1 wp-block-columns-is-layout-flex">
<div class="wp-block-column is-vertically-aligned-top is-layout-flow wp-block-column-is-layout-flow" style="flex-basis:4%">
<div class="wp-block-buttons is-horizontal is-content-justification-center is-layout-flex wp-container-core-buttons-is-layout-1 wp-block-buttons-is-layout-flex">
<div class="wp-block-button"><a class="wp-block-button__link wp-element-button" href="https://www.association-auburtin.fr/index.php/accueil/l-association/association-1">&lt;</a></div>
</div>
</div>



<div class="wp-block-column is-vertically-aligned-top is-layout-flow wp-block-column-is-layout-flow" style="flex-basis:92%">
<p></p>



<p class="has-text-align-left">L&rsquo;association tient également ses adhérents au courant des ventes aux enchères, des expositions passées et à venir ainsi que de l&rsquo;actualité artistique concernant J.F.Auburtin. Pour l&rsquo;authentification de ses œuvres, elle est reconnue compétente pour donner un avis autorisé.</p>



<p class="has-text-align-left">L’association vous remercie pour votre contribution et serait ravie et honorée de vous accueillir comme membre. Il suffit pour cela d’adresser votre bulletin d’adhésion au siège de l’association ou à notre trésorière.</p>



<div class="wp-block-file alignright"><a id="wp-block-file--media-970700de-da9b-40a1-91f1-94b67d23ec32" href="https://www.association-auburtin.fr/wp-content/uploads/2024/02/bulletin-d-adhesion-2024.pdf" target="_blank" rel="noreferrer noopener">bulletin-d-adhesion-2024</a></div>



<p><br>Adresse de l’association : Mairie de Nantiat<br>14 rue de l’hôtel de ville, 87140 Nantiat<br>Email : <a href="mailto:ass.jf.auburtin@orange.fr" data-type="mailto" data-id="mailto:ass.jf.auburtin@orange.fr">ass.jf.auburtin@orange.fr</a></p>



<p class="has-text-align-left"><br>La présidente : Mme Annick Le Ciclé                                                                                                                                    </p>



<p>La trésorière : Mme Olivia Droz<br>Email : <a href="mailto:olivia.droz@gmail.com" data-type="mailto" data-id="mailto:olivia.droz@gmail.com">olivia.droz@gmail.com</a></p>



<p class="has-text-align-left">Association dont les statuts ont été déposés le 25/01/2005 en sous-préfecture de Bellac 87300</p>
</div>



<div class="wp-block-column is-vertically-aligned-top is-layout-flow wp-block-column-is-layout-flow" style="flex-basis:4%">
<div class="wp-block-buttons is-horizontal is-content-justification-center is-layout-flex wp-container-core-buttons-is-layout-2 wp-block-buttons-is-layout-flex">
<div class="wp-block-button"><a class="wp-block-button__link wp-element-button" href="https://www.association-auburtin.fr/index.php/accueil/l-association/association-3">&gt;</a></div>
</div>
</div>
</div>

<p>L&rsquo;association tient également ses adhérents au courant des ventes aux enchères, des expositions passées et à venir ainsi que de l&rsquo;actualité artistique concernant J.F.Auburtin. Pour l&rsquo;authentification de ses œuvres, elle est reconnue compétente pour donner un avis autorisé. L’association vous remercie pour votre contribution et serait ravie et honorée de vous accueillir comme membre. Il [&hellip;]</p>

<!-- This site is optimized with the Yoast SEO plugin v23.6 - https://yoast.com/wordpress/plugins/seo/ -->
<title>L&#039;association 2 - Association Auburtin</title>
<meta name="robots" content="index, follow, max-snippet:-1, max-image-preview:large, max-video-preview:-1" />
<link rel="canonical" href="https://www.association-auburtin.fr/index.php/accueil/l-association/association-2/" />
<meta property="og:locale" content="fr_FR" />
<meta property="og:type" content="article" />
<meta property="og:title" content="L&#039;association 2 - Association Auburtin" />
<meta property="og:description" content="L&rsquo;association tient également ses adhérents au courant des ventes aux enchères, des expositions passées et à venir ainsi que de l&rsquo;actualité artistique concernant J.F.Auburtin. Pour l&rsquo;authentification de ses œuvres, elle est reconnue compétente pour donner un avis autorisé. L’association vous remercie pour votre contribution et serait ravie et honorée de vous accueillir comme membre. Il [&hellip;]" />
<meta property="og:url" content="https://www.association-auburtin.fr/index.php/accueil/l-association/association-2/" />
<meta property="og:site_name" content="Association Auburtin" />
<meta property="article:modified_time" content="2024-02-05T12:55:27+00:00" />
<meta name="twitter:card" content="summary_large_image" />
<meta name="twitter:label1" content="Durée de lecture estimée" />
	<meta name="twitter:data1" content="1 minute" />
<script type="application/ld+json" class="yoast-schema-graph">{"@context":"https://schema.org","@graph":[{"@type":"WebPage","@id":"https://www.association-auburtin.fr/index.php/accueil/l-association/association-2/","url":"https://www.association-auburtin.fr/index.php/accueil/l-association/association-2/","name":"L'association 2 - Association Auburtin","isPartOf":{"@id":"https://www.association-auburtin.fr/#website"},"datePublished":"2021-02-20T09:55:01+00:00","dateModified":"2024-02-05T12:55:27+00:00","breadcrumb":{"@id":"https://www.association-auburtin.fr/index.php/accueil/l-association/association-2/#breadcrumb"},"inLanguage":"fr-FR","potentialAction":[{"@type":"ReadAction","target":["https://www.association-auburtin.fr/index.php/accueil/l-association/association-2/"]}]},{"@type":"BreadcrumbList","@id":"https://www.association-auburtin.fr/index.php/accueil/l-association/association-2/#breadcrumb","itemListElement":[{"@type":"ListItem","position":1,"name":"Accueil","item":"https://www.association-auburtin.fr/"},{"@type":"ListItem","position":2,"name":"Jean Francis Auburtin (artiste peintre 1866 &#8211; 1930)","item":"https://www.association-auburtin.fr/"},{"@type":"ListItem","position":3,"name":"L&rsquo;association","item":"https://www.association-auburtin.fr/index.php/accueil/l-association/"},{"@type":"ListItem","position":4,"name":"L&rsquo;association 2"}]},{"@type":"WebSite","@id":"https://www.association-auburtin.fr/#website","url":"https://www.association-auburtin.fr/","name":"Association Auburtin","description":"Les Amis et les Descendants de Jean Francis AUBURTIN","publisher":{"@id":"https://www.association-auburtin.fr/#organization"},"potentialAction":[{"@type":"SearchAction","target":{"@type":"EntryPoint","urlTemplate":"https://www.association-auburtin.fr/?s={search_term_string}"},"query-input":{"@type":"PropertyValueSpecification","valueRequired":true,"valueName":"search_term_string"}}],"inLanguage":"fr-FR"},{"@type":"Organization","@id":"https://www.association-auburtin.fr/#organization","name":"Association Auburtin","url":"https://www.association-auburtin.fr/","logo":{"@type":"ImageObject","inLanguage":"fr-FR","@id":"https://www.association-auburtin.fr/#/schema/logo/image/","url":"https://www.association-auburtin.fr/wp-content/uploads/2021/01/logo-jfa-1.jpg","contentUrl":"https://www.association-auburtin.fr/wp-content/uploads/2021/01/logo-jfa-1.jpg","width":904,"height":855,"caption":"Association Auburtin"},"image":{"@id":"https://www.association-auburtin.fr/#/schema/logo/image/"}}]}</script>
<!-- / Yoast SEO plugin. -->

L&rsquo;association tient également ses adhérents au courant des ventes aux enchères, des expositions passées et à venir ainsi que de l&rsquo;actualité artistique concernant J.F.Auburtin. Pour l&rsquo;authentification de ses œuvres, elle est reconnue compétente pour donner un avis autorisé. L’association vous remercie pour votre contribution et serait ravie et honorée de vous accueillir comme membre. Il [&hellip;]
