{"id":1003,"date":"2021-02-19T20:34:21","date_gmt":"2021-02-19T19:34:21","guid":{"rendered":"https:\/\/www.association-auburtin.fr\/?page_id=1003"},"modified":"2023-04-29T15:22:36","modified_gmt":"2023-04-29T13:22:36","slug":"sa-vie-2","status":"publish","type":"page","link":"https:\/\/www.association-auburtin.fr\/index.php\/accueil\/sa-vie\/sa-vie-2\/","title":{"rendered":"Sa vie 2"},"content":{"rendered":"\n<div class=\"wp-block-columns is-layout-flex wp-container-core-columns-is-layout-1 wp-block-columns-is-layout-flex\">\n<div class=\"wp-block-column is-vertically-aligned-top is-layout-flow wp-block-column-is-layout-flow\" style=\"flex-basis:4%\">\n<div class=\"wp-block-buttons is-horizontal is-content-justification-center is-layout-flex wp-container-core-buttons-is-layout-1 wp-block-buttons-is-layout-flex\">\n<div class=\"wp-block-button\"><a class=\"wp-block-button__link wp-element-button\" href=\"https:\/\/www.association-auburtin.fr\/index.php\/accueil\/sa-vie\/sa-vie-1\/\">&lt;<\/a><\/div>\n<\/div>\n<\/div>\n\n\n\n<div class=\"wp-block-column is-layout-flow wp-block-column-is-layout-flow\" style=\"flex-basis:92%\">\n<p><\/p>\n\n\n\n<div class=\"wp-block-media-text alignwide has-media-on-the-right is-stacked-on-mobile\" style=\"grid-template-columns:auto 37%\"><div class=\"wp-block-media-text__content\">\n<p><br>Maurice et Andr\u00e9 Deloye, ses futurs beaux-fr\u00e8res int\u00e8grent l\u2019\u00e9cole Alsacienne d\u00e8s 1874, Auburtin&nbsp;\u00e9pousera leur soeur Marthe.<br>D\u00e8s l\u2019enfance, Il montre des facilit\u00e9s pour la peinture et l\u2019\u00e9tude de la nature.<\/p>\n\n\n\n<p><br>Un ami de ses parents, le peintre Th\u00e9odore Devilly l\u2019initie \u00e0 la peinture en l\u2019emmenant dans ses campagnes d\u2019artiste.<\/p>\n<\/div><figure class=\"wp-block-media-text__media\"><img loading=\"lazy\" decoding=\"async\" width=\"1024\" height=\"786\" src=\"https:\/\/www.association-auburtin.fr\/wp-content\/uploads\/2021\/02\/Beaux-arts-1-aucune-indication-au-dos-1024x786.jpg\" alt=\"\" class=\"wp-image-636 size-full\" srcset=\"https:\/\/www.association-auburtin.fr\/wp-content\/uploads\/2021\/02\/Beaux-arts-1-aucune-indication-au-dos-1024x786.jpg 1024w, https:\/\/www.association-auburtin.fr\/wp-content\/uploads\/2021\/02\/Beaux-arts-1-aucune-indication-au-dos-300x230.jpg 300w, https:\/\/www.association-auburtin.fr\/wp-content\/uploads\/2021\/02\/Beaux-arts-1-aucune-indication-au-dos-768x589.jpg 768w, https:\/\/www.association-auburtin.fr\/wp-content\/uploads\/2021\/02\/Beaux-arts-1-aucune-indication-au-dos-1536x1178.jpg 1536w, https:\/\/www.association-auburtin.fr\/wp-content\/uploads\/2021\/02\/Beaux-arts-1-aucune-indication-au-dos-2048x1571.jpg 2048w\" sizes=\"(max-width: 1024px) 100vw, 1024px\" \/><\/figure><\/div>\n<\/div>\n\n\n\n<div class=\"wp-block-column is-vertically-aligned-top is-layout-flow wp-block-column-is-layout-flow\" style=\"flex-basis:4%\">\n<div class=\"wp-block-buttons is-horizontal is-content-justification-center is-layout-flex wp-container-core-buttons-is-layout-2 wp-block-buttons-is-layout-flex\">\n<div class=\"wp-block-button\"><a class=\"wp-block-button__link wp-element-button\" href=\"https:\/\/www.association-auburtin.fr\/index.php\/accueil\/sa-vie\/sa-vie-3\/\">&gt;<\/a><\/div>\n<\/div>\n<\/div>\n<\/div>\n\n\n\n<p>A 18 ans, il est admis \u00e0 l\u2019\u00e9cole des Beaux-Arts de Paris.<br>Il y re\u00e7oit l\u2019enseignement des peintres Jules Lefebvre et Benjamin Constant avec lesquels il noue des relations d\u2019amiti\u00e9. Il remporte quelques succ\u00e8s aux diff\u00e9rents concours de l\u2019\u00e9cole.<br>D\u00e8s 1892, il se fait conna\u00eetre du public en exposant au salon des artistes fran\u00e7ais une toile \u00abL\u2019enfant prodigue\u00bb, o\u00f9 l\u2019on per\u00e7oit l\u2019influence de Puvis de Chavannes pour le symbolisme et la d\u00e9coration murale.<br><\/p>\n","protected":false},"excerpt":{"rendered":"<p>Maurice et Andr\u00e9 Deloye, ses futurs beaux-fr\u00e8res int\u00e8grent l\u2019\u00e9cole Alsacienne d\u00e8s 1874, Auburtin&nbsp;\u00e9pousera leur soeur Marthe.D\u00e8s l\u2019enfance, Il montre des facilit\u00e9s pour la peinture et l\u2019\u00e9tude de la nature. Un ami de ses parents, le peintre Th\u00e9odore Devilly l\u2019initie \u00e0 la peinture en l\u2019emmenant dans ses campagnes d\u2019artiste. A 18 ans, il est admis \u00e0 [&hellip;]<\/p>\n","protected":false},"author":1,"featured_media":0,"parent":18,"menu_order":2,"comment_status":"closed","ping_status":"closed","template":"","meta":{"footnotes":""},"class_list":["post-1003","page","type-page","status-publish","hentry"],"blocksy_meta":{"styles_descriptor":{"styles":{"desktop":"","tablet":"","mobile":""},"google_fonts":[],"version":6}},"yoast_head":"<!-- This site is optimized with the Yoast SEO plugin v23.6 - https:\/\/yoast.com\/wordpress\/plugins\/seo\/ -->\n<title>Sa vie 2 - Association Auburtin<\/title>\n<meta name=\"robots\" content=\"index, follow, max-snippet:-1, max-image-preview:large, max-video-preview:-1\" \/>\n<link rel=\"canonical\" href=\"https:\/\/www.association-auburtin.fr\/index.php\/accueil\/sa-vie\/sa-vie-2\/\" \/>\n<meta property=\"og:locale\" content=\"fr_FR\" \/>\n<meta property=\"og:type\" content=\"article\" \/>\n<meta property=\"og:title\" content=\"Sa vie 2 - Association Auburtin\" \/>\n<meta property=\"og:description\" content=\"Maurice et Andr\u00e9 Deloye, ses futurs beaux-fr\u00e8res int\u00e8grent l\u2019\u00e9cole Alsacienne d\u00e8s 1874, Auburtin&nbsp;\u00e9pousera leur soeur Marthe.D\u00e8s l\u2019enfance, Il montre des facilit\u00e9s pour la peinture et l\u2019\u00e9tude de la nature. Un ami de ses parents, le peintre Th\u00e9odore Devilly l\u2019initie \u00e0 la peinture en l\u2019emmenant dans ses campagnes d\u2019artiste. A 18 ans, il est admis \u00e0 [&hellip;]\" \/>\n<meta property=\"og:url\" content=\"https:\/\/www.association-auburtin.fr\/index.php\/accueil\/sa-vie\/sa-vie-2\/\" \/>\n<meta property=\"og:site_name\" content=\"Association Auburtin\" \/>\n<meta property=\"article:modified_time\" content=\"2023-04-29T13:22:36+00:00\" \/>\n<meta property=\"og:image\" content=\"https:\/\/www.association-auburtin.fr\/wp-content\/uploads\/2021\/02\/Beaux-arts-1-aucune-indication-au-dos-1024x786.jpg\" \/>\n<meta name=\"twitter:card\" content=\"summary_large_image\" \/>\n<meta name=\"twitter:label1\" content=\"Dur\u00e9e de lecture estim\u00e9e\" \/>\n\t<meta name=\"twitter:data1\" content=\"1 minute\" \/>\n<script type=\"application\/ld+json\" class=\"yoast-schema-graph\">{\"@context\":\"https:\/\/schema.org\",\"@graph\":[{\"@type\":\"WebPage\",\"@id\":\"https:\/\/www.association-auburtin.fr\/index.php\/accueil\/sa-vie\/sa-vie-2\/\",\"url\":\"https:\/\/www.association-auburtin.fr\/index.php\/accueil\/sa-vie\/sa-vie-2\/\",\"name\":\"Sa vie 2 - Association Auburtin\",\"isPartOf\":{\"@id\":\"https:\/\/www.association-auburtin.fr\/#website\"},\"primaryImageOfPage\":{\"@id\":\"https:\/\/www.association-auburtin.fr\/index.php\/accueil\/sa-vie\/sa-vie-2\/#primaryimage\"},\"image\":{\"@id\":\"https:\/\/www.association-auburtin.fr\/index.php\/accueil\/sa-vie\/sa-vie-2\/#primaryimage\"},\"thumbnailUrl\":\"https:\/\/www.association-auburtin.fr\/wp-content\/uploads\/2021\/02\/Beaux-arts-1-aucune-indication-au-dos-1024x786.jpg\",\"datePublished\":\"2021-02-19T19:34:21+00:00\",\"dateModified\":\"2023-04-29T13:22:36+00:00\",\"breadcrumb\":{\"@id\":\"https:\/\/www.association-auburtin.fr\/index.php\/accueil\/sa-vie\/sa-vie-2\/#breadcrumb\"},\"inLanguage\":\"fr-FR\",\"potentialAction\":[{\"@type\":\"ReadAction\",\"target\":[\"https:\/\/www.association-auburtin.fr\/index.php\/accueil\/sa-vie\/sa-vie-2\/\"]}]},{\"@type\":\"ImageObject\",\"inLanguage\":\"fr-FR\",\"@id\":\"https:\/\/www.association-auburtin.fr\/index.php\/accueil\/sa-vie\/sa-vie-2\/#primaryimage\",\"url\":\"https:\/\/www.association-auburtin.fr\/wp-content\/uploads\/2021\/02\/Beaux-arts-1-aucune-indication-au-dos-1024x786.jpg\",\"contentUrl\":\"https:\/\/www.association-auburtin.fr\/wp-content\/uploads\/2021\/02\/Beaux-arts-1-aucune-indication-au-dos-1024x786.jpg\"},{\"@type\":\"BreadcrumbList\",\"@id\":\"https:\/\/www.association-auburtin.fr\/index.php\/accueil\/sa-vie\/sa-vie-2\/#breadcrumb\",\"itemListElement\":[{\"@type\":\"ListItem\",\"position\":1,\"name\":\"Accueil\",\"item\":\"https:\/\/www.association-auburtin.fr\/\"},{\"@type\":\"ListItem\",\"position\":2,\"name\":\"Jean Francis Auburtin (artiste peintre 1866 &#8211; 1930)\",\"item\":\"https:\/\/www.association-auburtin.fr\/\"},{\"@type\":\"ListItem\",\"position\":3,\"name\":\"Sa vie\",\"item\":\"https:\/\/www.association-auburtin.fr\/index.php\/accueil\/sa-vie\/\"},{\"@type\":\"ListItem\",\"position\":4,\"name\":\"Sa vie 2\"}]},{\"@type\":\"WebSite\",\"@id\":\"https:\/\/www.association-auburtin.fr\/#website\",\"url\":\"https:\/\/www.association-auburtin.fr\/\",\"name\":\"Association Auburtin\",\"description\":\"Les Amis et les Descendants de Jean Francis AUBURTIN\",\"publisher\":{\"@id\":\"https:\/\/www.association-auburtin.fr\/#organization\"},\"potentialAction\":[{\"@type\":\"SearchAction\",\"target\":{\"@type\":\"EntryPoint\",\"urlTemplate\":\"https:\/\/www.association-auburtin.fr\/?s={search_term_string}\"},\"query-input\":{\"@type\":\"PropertyValueSpecification\",\"valueRequired\":true,\"valueName\":\"search_term_string\"}}],\"inLanguage\":\"fr-FR\"},{\"@type\":\"Organization\",\"@id\":\"https:\/\/www.association-auburtin.fr\/#organization\",\"name\":\"Association Auburtin\",\"url\":\"https:\/\/www.association-auburtin.fr\/\",\"logo\":{\"@type\":\"ImageObject\",\"inLanguage\":\"fr-FR\",\"@id\":\"https:\/\/www.association-auburtin.fr\/#\/schema\/logo\/image\/\",\"url\":\"https:\/\/www.association-auburtin.fr\/wp-content\/uploads\/2021\/01\/logo-jfa-1.jpg\",\"contentUrl\":\"https:\/\/www.association-auburtin.fr\/wp-content\/uploads\/2021\/01\/logo-jfa-1.jpg\",\"width\":904,\"height\":855,\"caption\":\"Association Auburtin\"},\"image\":{\"@id\":\"https:\/\/www.association-auburtin.fr\/#\/schema\/logo\/image\/\"}}]}<\/script>\n<!-- \/ Yoast SEO plugin. -->","yoast_head_json":{"title":"Sa vie 2 - Association Auburtin","robots":{"index":"index","follow":"follow","max-snippet":"max-snippet:-1","max-image-preview":"max-image-preview:large","max-video-preview":"max-video-preview:-1"},"canonical":"https:\/\/www.association-auburtin.fr\/index.php\/accueil\/sa-vie\/sa-vie-2\/","og_locale":"fr_FR","og_type":"article","og_title":"Sa vie 2 - Association Auburtin","og_description":"Maurice et Andr\u00e9 Deloye, ses futurs beaux-fr\u00e8res int\u00e8grent l\u2019\u00e9cole Alsacienne d\u00e8s 1874, Auburtin&nbsp;\u00e9pousera leur soeur Marthe.D\u00e8s l\u2019enfance, Il montre des facilit\u00e9s pour la peinture et l\u2019\u00e9tude de la nature. Un ami de ses parents, le peintre Th\u00e9odore Devilly l\u2019initie \u00e0 la peinture en l\u2019emmenant dans ses campagnes d\u2019artiste. A 18 ans, il est admis \u00e0 [&hellip;]","og_url":"https:\/\/www.association-auburtin.fr\/index.php\/accueil\/sa-vie\/sa-vie-2\/","og_site_name":"Association Auburtin","article_modified_time":"2023-04-29T13:22:36+00:00","og_image":[{"url":"https:\/\/www.association-auburtin.fr\/wp-content\/uploads\/2021\/02\/Beaux-arts-1-aucune-indication-au-dos-1024x786.jpg"}],"twitter_card":"summary_large_image","twitter_misc":{"Dur\u00e9e de lecture estim\u00e9e":"1 minute"},"schema":{"@context":"https:\/\/schema.org","@graph":[{"@type":"WebPage","@id":"https:\/\/www.association-auburtin.fr\/index.php\/accueil\/sa-vie\/sa-vie-2\/","url":"https:\/\/www.association-auburtin.fr\/index.php\/accueil\/sa-vie\/sa-vie-2\/","name":"Sa vie 2 - Association Auburtin","isPartOf":{"@id":"https:\/\/www.association-auburtin.fr\/#website"},"primaryImageOfPage":{"@id":"https:\/\/www.association-auburtin.fr\/index.php\/accueil\/sa-vie\/sa-vie-2\/#primaryimage"},"image":{"@id":"https:\/\/www.association-auburtin.fr\/index.php\/accueil\/sa-vie\/sa-vie-2\/#primaryimage"},"thumbnailUrl":"https:\/\/www.association-auburtin.fr\/wp-content\/uploads\/2021\/02\/Beaux-arts-1-aucune-indication-au-dos-1024x786.jpg","datePublished":"2021-02-19T19:34:21+00:00","dateModified":"2023-04-29T13:22:36+00:00","breadcrumb":{"@id":"https:\/\/www.association-auburtin.fr\/index.php\/accueil\/sa-vie\/sa-vie-2\/#breadcrumb"},"inLanguage":"fr-FR","potentialAction":[{"@type":"ReadAction","target":["https:\/\/www.association-auburtin.fr\/index.php\/accueil\/sa-vie\/sa-vie-2\/"]}]},{"@type":"ImageObject","inLanguage":"fr-FR","@id":"https:\/\/www.association-auburtin.fr\/index.php\/accueil\/sa-vie\/sa-vie-2\/#primaryimage","url":"https:\/\/www.association-auburtin.fr\/wp-content\/uploads\/2021\/02\/Beaux-arts-1-aucune-indication-au-dos-1024x786.jpg","contentUrl":"https:\/\/www.association-auburtin.fr\/wp-content\/uploads\/2021\/02\/Beaux-arts-1-aucune-indication-au-dos-1024x786.jpg"},{"@type":"BreadcrumbList","@id":"https:\/\/www.association-auburtin.fr\/index.php\/accueil\/sa-vie\/sa-vie-2\/#breadcrumb","itemListElement":[{"@type":"ListItem","position":1,"name":"Accueil","item":"https:\/\/www.association-auburtin.fr\/"},{"@type":"ListItem","position":2,"name":"Jean Francis Auburtin (artiste peintre 1866 &#8211; 1930)","item":"https:\/\/www.association-auburtin.fr\/"},{"@type":"ListItem","position":3,"name":"Sa vie","item":"https:\/\/www.association-auburtin.fr\/index.php\/accueil\/sa-vie\/"},{"@type":"ListItem","position":4,"name":"Sa vie 2"}]},{"@type":"WebSite","@id":"https:\/\/www.association-auburtin.fr\/#website","url":"https:\/\/www.association-auburtin.fr\/","name":"Association Auburtin","description":"Les Amis et les Descendants de Jean Francis AUBURTIN","publisher":{"@id":"https:\/\/www.association-auburtin.fr\/#organization"},"potentialAction":[{"@type":"SearchAction","target":{"@type":"EntryPoint","urlTemplate":"https:\/\/www.association-auburtin.fr\/?s={search_term_string}"},"query-input":{"@type":"PropertyValueSpecification","valueRequired":true,"valueName":"search_term_string"}}],"inLanguage":"fr-FR"},{"@type":"Organization","@id":"https:\/\/www.association-auburtin.fr\/#organization","name":"Association Auburtin","url":"https:\/\/www.association-auburtin.fr\/","logo":{"@type":"ImageObject","inLanguage":"fr-FR","@id":"https:\/\/www.association-auburtin.fr\/#\/schema\/logo\/image\/","url":"https:\/\/www.association-auburtin.fr\/wp-content\/uploads\/2021\/01\/logo-jfa-1.jpg","contentUrl":"https:\/\/www.association-auburtin.fr\/wp-content\/uploads\/2021\/01\/logo-jfa-1.jpg","width":904,"height":855,"caption":"Association Auburtin"},"image":{"@id":"https:\/\/www.association-auburtin.fr\/#\/schema\/logo\/image\/"}}]}},"_links":{"self":[{"href":"https:\/\/www.association-auburtin.fr\/index.php\/wp-json\/wp\/v2\/pages\/1003"}],"collection":[{"href":"https:\/\/www.association-auburtin.fr\/index.php\/wp-json\/wp\/v2\/pages"}],"about":[{"href":"https:\/\/www.association-auburtin.fr\/index.php\/wp-json\/wp\/v2\/types\/page"}],"author":[{"embeddable":true,"href":"https:\/\/www.association-auburtin.fr\/index.php\/wp-json\/wp\/v2\/users\/1"}],"replies":[{"embeddable":true,"href":"https:\/\/www.association-auburtin.fr\/index.php\/wp-json\/wp\/v2\/comments?post=1003"}],"version-history":[{"count":11,"href":"https:\/\/www.association-auburtin.fr\/index.php\/wp-json\/wp\/v2\/pages\/1003\/revisions"}],"predecessor-version":[{"id":2657,"href":"https:\/\/www.association-auburtin.fr\/index.php\/wp-json\/wp\/v2\/pages\/1003\/revisions\/2657"}],"up":[{"embeddable":true,"href":"https:\/\/www.association-auburtin.fr\/index.php\/wp-json\/wp\/v2\/pages\/18"}],"wp:attachment":[{"href":"https:\/\/www.association-auburtin.fr\/index.php\/wp-json\/wp\/v2\/media?parent=1003"}],"curies":[{"name":"wp","href":"https:\/\/api.w.org\/{rel}","templated":true}]}}